{"id":5920,"date":"2020-05-09T15:40:11","date_gmt":"2020-05-09T13:40:11","guid":{"rendered":"http:\/\/genevieveetdidier.fr\/?page_id=5920"},"modified":"2025-07-24T16:16:09","modified_gmt":"2025-07-24T14:16:09","slug":"hongrie","status":"publish","type":"page","link":"https:\/\/genevieveetdidier.fr\/?page_id=5920","title":{"rendered":"Hongrie"},"content":{"rendered":"<div class=\"flex_column av_one_full  flex_column_div av-zero-column-padding first  \" style='border-radius:0px; '><section class=\"av_textblock_section\"  itemscope=\"itemscope\" itemtype=\"https:\/\/schema.org\/CreativeWork\" ><div class='avia_textblock '   itemprop=\"text\" ><h1 style=\"text-align: center;\"><strong><span style=\"color: #000080;\">HONGRIE<\/span><\/strong><\/h1>\n<\/div><\/section><\/div><div class=\"flex_column av_one_fifth  flex_column_div av-zero-column-padding first  \" style='border-radius:0px; '><section class=\"av_textblock_section\"  itemscope=\"itemscope\" itemtype=\"https:\/\/schema.org\/CreativeWork\" ><div class='avia_textblock '   itemprop=\"text\" ><h2 style=\"text-align: center;\"><a href=\"https:\/\/genevieveetdidier.fr\/?page_id=900\"><strong><span style=\"color: #000080;\">P\u00e9riple 2017<\/span><\/strong><\/a><\/h2>\n<\/div><\/section><br \/>\n<div class='avia-image-container  av-styling-   avia-align-center '  itemscope=\"itemscope\" itemtype=\"https:\/\/schema.org\/ImageObject\"  ><div class='avia-image-container-inner'><img class='avia_image ' src='https:\/\/genevieveetdidier.fr\/wp-content\/uploads\/2020\/05\/Hongrie2017.png' alt='' title='Hongrie2017'   itemprop=\"thumbnailUrl\"  \/><\/div><\/div><\/p><\/div><div class=\"flex_column av_one_fifth  flex_column_div av-zero-column-padding   \" style='border-radius:0px; '><section class=\"av_textblock_section\"  itemscope=\"itemscope\" itemtype=\"https:\/\/schema.org\/CreativeWork\" ><div class='avia_textblock '   itemprop=\"text\" ><h2 style=\"text-align: center;\"><a href=\"https:\/\/genevieveetdidier.fr\/?page_id=3628\"><strong><span style=\"color: #000080;\">P\u00e9riple 2018<\/span><\/strong><\/a><\/h2>\n<\/div><\/section><br \/>\n<div class='avia-image-container  av-styling-   avia-align-center '  itemscope=\"itemscope\" itemtype=\"https:\/\/schema.org\/ImageObject\"  ><div class='avia-image-container-inner'><img class='avia_image ' src='https:\/\/genevieveetdidier.fr\/wp-content\/uploads\/2020\/05\/Hongrie2018.png' alt='' title='Hongrie2018'   itemprop=\"thumbnailUrl\"  \/><\/div><\/div><\/p><\/div><div class=\"flex_column av_one_half  flex_column_div av-zero-column-padding   \" style='border-radius:0px; '><section class=\"av_textblock_section\"  itemscope=\"itemscope\" itemtype=\"https:\/\/schema.org\/CreativeWork\" ><div class='avia_textblock '   itemprop=\"text\" ><p><iframe loading=\"lazy\" src=\"https:\/\/www.google.com\/maps\/d\/embed?mid=1_Nd4Xyn058ovlAPMetVwTrttCSoBnIGL&amp;hl=fr\" width=\"640\" height=\"480\"><\/iframe><\/p>\n<\/div><\/section><\/div><div class=\"flex_column av_one_full  flex_column_div av-zero-column-padding first  \" style='border-radius:0px; '><p><div class='avia-image-container  av-styling-   avia-align-center '  itemscope=\"itemscope\" itemtype=\"https:\/\/schema.org\/ImageObject\"  ><div class='avia-image-container-inner'><img class='avia_image ' src='https:\/\/genevieveetdidier.fr\/wp-content\/uploads\/2018\/08\/20180804_085508-1-500x281.jpg' alt='' title='20180804_085508-1'   itemprop=\"thumbnailUrl\"  \/><\/div><\/div><br \/>\n<section class=\"av_textblock_section\"  itemscope=\"itemscope\" itemtype=\"https:\/\/schema.org\/CreativeWork\" ><div class='avia_textblock '   itemprop=\"text\" ><p style=\"text-align: center;\"><em>Une ville superbe Budapest<\/em><\/p>\n<\/div><\/section><br \/>\n<section class=\"av_textblock_section\"  itemscope=\"itemscope\" itemtype=\"https:\/\/schema.org\/CreativeWork\" ><div class='avia_textblock '   itemprop=\"text\" ><p>La Hongrie nous est apparue tr\u00e8s agricole, rurale, calme. Tout cela est tr\u00e8s positif et pourtant l&rsquo;accueil a toujours \u00e9t\u00e9 assez r\u00e9serv\u00e9. Nous saluons toutes les personnes rencontr\u00e9es quand nous sommes \u00e0 v\u00e9lo mais nous avons eu tr\u00e8s peu de retours des Hongrois, m\u00e9fiants \u00e0 notre \u00e9gard.<\/p>\n<p>La ville de Budapest m\u00e9rite vraiment le d\u00e9tour. Le lac Balaton est un haut lieu du tourisme hongrois, avec des campings bond\u00e9s et de la restauration \u00e0 la cha\u00eene. Il fait bon se promener dans les vignobles.<\/p>\n<p>Nous sommes retourn\u00e9s \u00e0 Szob, au camping de Szob situ\u00e9 au bord du Danube. Il a tout pour lui : calme, emplacement spacieux, vue exceptionnelle, accueil, \u00e9quipement, village et commerces. Un lieu exceptionnel !<\/p>\n<\/div><\/section><\/p><\/div><div class='avia-image-container  av-styling-   avia-align-center '  itemscope=\"itemscope\" itemtype=\"https:\/\/schema.org\/ImageObject\"  ><div class='avia-image-container-inner'><img class='avia_image ' src='https:\/\/genevieveetdidier.fr\/wp-content\/uploads\/2018\/08\/20180805_202714-500x281.jpg' alt='' title='20180805_202714'   itemprop=\"thumbnailUrl\"  \/><\/div><\/div><\/p>\n","protected":false},"excerpt":{"rendered":"","protected":false},"author":1,"featured_media":0,"parent":5494,"menu_order":9,"comment_status":"closed","ping_status":"closed","template":"","meta":{"_monsterinsights_skip_tracking":false,"_monsterinsights_sitenote_active":false,"_monsterinsights_sitenote_note":"","_monsterinsights_sitenote_category":0,"footnotes":""},"class_list":["post-5920","page","type-page","status-publish","hentry"],"_links":{"self":[{"href":"https:\/\/genevieveetdidier.fr\/index.php?rest_route=\/wp\/v2\/pages\/5920","targetHints":{"allow":["GET"]}}],"collection":[{"href":"https:\/\/genevieveetdidier.fr\/index.php?rest_route=\/wp\/v2\/pages"}],"about":[{"href":"https:\/\/genevieveetdidier.fr\/index.php?rest_route=\/wp\/v2\/types\/page"}],"author":[{"embeddable":true,"href":"https:\/\/genevieveetdidier.fr\/index.php?rest_route=\/wp\/v2\/users\/1"}],"replies":[{"embeddable":true,"href":"https:\/\/genevieveetdidier.fr\/index.php?rest_route=%2Fwp%2Fv2%2Fcomments&post=5920"}],"version-history":[{"count":7,"href":"https:\/\/genevieveetdidier.fr\/index.php?rest_route=\/wp\/v2\/pages\/5920\/revisions"}],"predecessor-version":[{"id":5941,"href":"https:\/\/genevieveetdidier.fr\/index.php?rest_route=\/wp\/v2\/pages\/5920\/revisions\/5941"}],"up":[{"embeddable":true,"href":"https:\/\/genevieveetdidier.fr\/index.php?rest_route=\/wp\/v2\/pages\/5494"}],"wp:attachment":[{"href":"https:\/\/genevieveetdidier.fr\/index.php?rest_route=%2Fwp%2Fv2%2Fmedia&parent=5920"}],"curies":[{"name":"wp","href":"https:\/\/api.w.org\/{rel}","templated":true}]}}