{"id":5736,"date":"2020-04-26T18:41:06","date_gmt":"2020-04-26T16:41:06","guid":{"rendered":"http:\/\/genevieveetdidier.fr\/?page_id=5736"},"modified":"2020-05-02T19:02:10","modified_gmt":"2020-05-02T17:02:10","slug":"belgique","status":"publish","type":"page","link":"https:\/\/genevieveetdidier.fr\/?page_id=5736","title":{"rendered":"Belgique"},"content":{"rendered":"<div class=\"flex_column av_one_full  flex_column_div av-zero-column-padding first  \" style='border-radius:0px; '><div class='avia-image-container  av-styling-   avia-align-center '  itemscope=\"itemscope\" itemtype=\"https:\/\/schema.org\/ImageObject\"  ><div class='avia-image-container-inner'><img class='avia_image ' src='https:\/\/genevieveetdidier.fr\/wp-content\/uploads\/2019\/09\/20190924_110401-500x243.jpg' alt='' title='20190924_110401'   itemprop=\"thumbnailUrl\"  \/><\/div><\/div><\/div>\n<div class=\"flex_column av_one_half  flex_column_div av-zero-column-padding first  \" style='border-radius:0px; '><section class=\"av_textblock_section\"  itemscope=\"itemscope\" itemtype=\"https:\/\/schema.org\/CreativeWork\" ><div class='avia_textblock '   itemprop=\"text\" ><h1 style=\"text-align: center;\"><span style=\"color: #000080;\"><strong>BELGIQUE<\/strong><\/span><\/h1>\n<p>La Wallonie est\u00a0 proche de la Lorraine, par son histoire &#8211; Le territoire wallon est int\u00e9gr\u00e9 \u00e0 la <a title=\"Lotharingie\" href=\"https:\/\/fr.wikipedia.org\/wiki\/Lotharingie\">Lotharingie<\/a> en 855, par sa g\u00e9ographie &#8211; La Meuse est commune -, par sa langue et par ses associations de professeurs de math\u00e9matiques. Verdoyante, calme, vallonn\u00e9e, coquette, la Wallonie nous a toujours procur\u00e9 un s\u00e9jour agr\u00e9able. La Flandre est aussi une r\u00e9gion belge \u00e0 visiter avec ses villes mythiques. Les pistes cyclables sont nombreuses bien entretenues, bien fl\u00e9ch\u00e9es. Un vrai pays pour le v\u00e9lo.<\/p>\n<\/div><\/section><br \/>\n<div class='avia-image-container  av-styling-   avia-align-center '  itemscope=\"itemscope\" itemtype=\"https:\/\/schema.org\/ImageObject\"  ><div class='avia-image-container-inner'><img class='avia_image ' src='https:\/\/genevieveetdidier.fr\/wp-content\/uploads\/2020\/04\/Belgique.png' alt='' title='Belgique'   itemprop=\"thumbnailUrl\"  \/><\/div><\/div><\/p><\/div><div class=\"flex_column av_one_half  flex_column_div av-zero-column-padding   \" style='border-radius:0px; '><section class=\"av_textblock_section\"  itemscope=\"itemscope\" itemtype=\"https:\/\/schema.org\/CreativeWork\" ><div class='avia_textblock '   itemprop=\"text\" ><p><iframe loading=\"lazy\" src=\"https:\/\/www.google.com\/maps\/d\/embed?mid=1-leLkN5vNFNeGmUkcqZCZLfjzoG6o1V9\" width=\"640\" height=\"480\"><\/iframe><\/p>\n<\/div><\/section><\/div><\/p>\n<div class=\"flex_column av_one_full  flex_column_div av-zero-column-padding first  \" style='border-radius:0px; '><section class=\"av_textblock_section\"  itemscope=\"itemscope\" itemtype=\"https:\/\/schema.org\/CreativeWork\" ><div class='avia_textblock '   itemprop=\"text\" ><ul>\n<li><a href=\"https:\/\/genevieveetdidier.fr\/?page_id=1546\">Belgique 2017 : De Eindhoven \u00e0 Tourcoing<\/a><\/li>\n<li><a href=\"https:\/\/genevieveetdidier.fr\/?page_id=5382\">Belgique 2018 : De Tourcoing \u00e0 Charleville<\/a><\/li>\n<li>Belgique 2019 : De Chimay \u00e0 Sedan avec un s\u00e9jour \u00e0 Olloy sur Viroin<\/li>\n<\/ul>\n<\/div><\/section><br \/>\n<div  data-autoplay=''  data-interval='5'  data-animation='fade'  data-show_slide_delay='90'  class='avia-content-slider avia-content-grid-active avia-content-slider1 avia-content-slider-even '  itemscope=\"itemscope\" itemtype=\"https:\/\/schema.org\/Blog\" ><div class='avia-content-slider-inner'><div class='slide-entry-wrap'><article class='slide-entry flex_column  post-entry post-entry-4947 slide-entry-overview slide-loop-1 slide-parity-odd  av_one_fourth first real-thumbnail'  itemscope=\"itemscope\" itemtype=\"https:\/\/schema.org\/BlogPosting\" itemprop=\"blogPost\" ><a href='https:\/\/genevieveetdidier.fr\/?p=4947' data-rel='slide-1' class='slide-image' title=''><img loading=\"lazy\" decoding=\"async\" width=\"260\" height=\"185\" src=\"https:\/\/genevieveetdidier.fr\/wp-content\/uploads\/2019\/09\/20190928_120918-260x185.jpg\" class=\"attachment-portfolio_small size-portfolio_small wp-post-image\" alt=\"\" \/><\/a><div class='slide-content'><header class=\"entry-content-header\"><span class=\"blog-categories minor-meta\"><a href=\"https:\/\/genevieveetdidier.fr\/?cat=24\" rel=\"tag\">France<\/a>, <a href=\"https:\/\/genevieveetdidier.fr\/?cat=66\" rel=\"tag\">Grand Est<\/a> <\/span><h3 class='slide-entry-title entry-title'  itemprop=\"headline\" ><a href='https:\/\/genevieveetdidier.fr\/?p=4947' title='De Olloy sur Viroin \u00e0 Sedan, 93 km'>De Olloy sur Viroin \u00e0 Sedan, 93 km<\/a><\/h3><span class=\"av-vertical-delimiter\"><\/span><\/header><div class='slide-entry-excerpt entry-content'  itemprop=\"text\" >\r\n\r\n<\/div><\/div><footer class=\"entry-footer\"><div class='slide-meta'><div class='slide-meta-comments'><a href='https:\/\/genevieveetdidier.fr\/?p=4947#comments'>2 Commentaires<\/a><\/div><div class='slide-meta-del'>\/<\/div><time class='slide-meta-time updated'  itemprop=\"datePublished\" datetime=\"2019-09-28T19:12:09+02:00\" >28 septembre 2019<\/time><\/div><\/footer><span class='hidden'>\n\t\t\t<span class='av-structured-data'  itemscope=\"itemscope\" itemtype=\"https:\/\/schema.org\/ImageObject\"  itemprop='image'>\n\t\t\t\t\t   <span itemprop='url' >https:\/\/genevieveetdidier.fr\/wp-content\/uploads\/2019\/09\/20190928_120918.jpg<\/span>\n\t\t\t\t\t   <span itemprop='height' >2752<\/span>\n\t\t\t\t\t   <span itemprop='width' >5664<\/span>\n\t\t\t\t  <\/span><span class='av-structured-data'  itemprop=\"publisher\" itemtype=\"https:\/\/schema.org\/Organization\" itemscope=\"itemscope\" >\n\t\t\t\t<span itemprop='name'>admin2725<\/span>\n\t\t\t\t<span itemprop='logo' itemscope itemtype='http:\/\/schema.org\/ImageObject'>\n\t\t\t\t   <span itemprop='url'>http:\/\/genevieveetdidier.fr\/wp-content\/uploads\/2023\/07\/cropped-photo2-scaled-1-500x500.jpg<\/span>\n\t\t\t\t <\/span>\n\t\t\t  <\/span><span class='av-structured-data'  itemprop=\"author\" itemscope=\"itemscope\" itemtype=\"https:\/\/schema.org\/Person\" ><span itemprop='name'>admin2725<\/span><\/span><span class='av-structured-data'  itemprop=\"datePublished\" datetime=\"2019-09-20T17:29:16+02:00\" >2019-09-28 19:12:09<\/span><span class='av-structured-data'  itemprop=\"dateModified\" itemtype=\"https:\/\/schema.org\/dateModified\" >2020-04-27 17:22:09<\/span><span class='av-structured-data'  itemprop=\"mainEntityOfPage\" itemtype=\"https:\/\/schema.org\/mainEntityOfPage\" ><span itemprop='name'>De Olloy sur Viroin \u00e0 Sedan, 93 km<\/span><\/span><\/span><\/article><article class='slide-entry flex_column  post-entry post-entry-4937 slide-entry-overview slide-loop-2 slide-parity-even  av_one_fourth  real-thumbnail'  itemscope=\"itemscope\" itemtype=\"https:\/\/schema.org\/BlogPosting\" itemprop=\"blogPost\" ><a href='https:\/\/genevieveetdidier.fr\/?p=4937' data-rel='slide-1' class='slide-image' title=''><img loading=\"lazy\" decoding=\"async\" width=\"260\" height=\"185\" src=\"https:\/\/genevieveetdidier.fr\/wp-content\/uploads\/2019\/09\/20190924_110401-260x185.jpg\" class=\"attachment-portfolio_small size-portfolio_small wp-post-image\" alt=\"\" \/><\/a><div class='slide-content'><header class=\"entry-content-header\"><span class=\"blog-categories minor-meta\"><a href=\"https:\/\/genevieveetdidier.fr\/?cat=30\" rel=\"tag\">Belgique<\/a> <\/span><h3 class='slide-entry-title entry-title'  itemprop=\"headline\" ><a href='https:\/\/genevieveetdidier.fr\/?p=4937' title='Olloy sur Viroin jours 2 et 3'>Olloy sur Viroin jours 2 et 3<\/a><\/h3><span class=\"av-vertical-delimiter\"><\/span><\/header><\/div><footer class=\"entry-footer\"><div class='slide-meta'><div class='slide-meta-comments'><a href='https:\/\/genevieveetdidier.fr\/?p=4947#comments'>2 Commentaires<\/a><\/div><div class='slide-meta-del'>\/<\/div><time class='slide-meta-time updated'  itemprop=\"datePublished\" datetime=\"2019-09-28T19:12:09+02:00\" >28 septembre 2019<\/time><\/div><\/footer><span class='hidden'>\n\t\t\t<span class='av-structured-data'  itemscope=\"itemscope\" itemtype=\"https:\/\/schema.org\/ImageObject\"  itemprop='image'>\n\t\t\t\t\t   <span itemprop='url' >https:\/\/genevieveetdidier.fr\/wp-content\/uploads\/2019\/09\/20190924_110401.jpg<\/span>\n\t\t\t\t\t   <span itemprop='height' >2752<\/span>\n\t\t\t\t\t   <span itemprop='width' >5664<\/span>\n\t\t\t\t  <\/span><span class='av-structured-data'  itemprop=\"publisher\" itemtype=\"https:\/\/schema.org\/Organization\" itemscope=\"itemscope\" >\n\t\t\t\t<span itemprop='name'>admin2725<\/span>\n\t\t\t\t<span itemprop='logo' itemscope itemtype='http:\/\/schema.org\/ImageObject'>\n\t\t\t\t   <span itemprop='url'>http:\/\/genevieveetdidier.fr\/wp-content\/uploads\/2023\/07\/cropped-photo2-scaled-1-500x500.jpg<\/span>\n\t\t\t\t <\/span>\n\t\t\t  <\/span><span class='av-structured-data'  itemprop=\"author\" itemscope=\"itemscope\" itemtype=\"https:\/\/schema.org\/Person\" ><span itemprop='name'>admin2725<\/span><\/span><span class='av-structured-data'  itemprop=\"datePublished\" datetime=\"2019-09-20T17:29:16+02:00\" >2019-09-24 21:57:25<\/span><span class='av-structured-data'  itemprop=\"dateModified\" itemtype=\"https:\/\/schema.org\/dateModified\" >2020-04-27 17:22:22<\/span><span class='av-structured-data'  itemprop=\"mainEntityOfPage\" itemtype=\"https:\/\/schema.org\/mainEntityOfPage\" ><span itemprop='name'>Olloy sur Viroin jours 2 et 3<\/span><\/span><\/span><\/article><article class='slide-entry flex_column  post-entry post-entry-4924 slide-entry-overview slide-loop-3 slide-parity-odd  av_one_fourth  real-thumbnail'  itemscope=\"itemscope\" itemtype=\"https:\/\/schema.org\/BlogPosting\" itemprop=\"blogPost\" ><a href='https:\/\/genevieveetdidier.fr\/?p=4924' data-rel='slide-1' class='slide-image' title=''><img loading=\"lazy\" decoding=\"async\" width=\"260\" height=\"185\" src=\"https:\/\/genevieveetdidier.fr\/wp-content\/uploads\/2019\/09\/20190921_085843-260x185.jpg\" class=\"attachment-portfolio_small size-portfolio_small wp-post-image\" alt=\"\" \/><\/a><div class='slide-content'><header class=\"entry-content-header\"><span class=\"blog-categories minor-meta\"><a href=\"https:\/\/genevieveetdidier.fr\/?cat=30\" rel=\"tag\">Belgique<\/a> <\/span><h3 class='slide-entry-title entry-title'  itemprop=\"headline\" ><a href='https:\/\/genevieveetdidier.fr\/?p=4924' title='De Chimay \u00e0 Olloy sur Viroin, 41 km'>De Chimay \u00e0 Olloy sur Viroin, 41 km<\/a><\/h3><span class=\"av-vertical-delimiter\"><\/span><\/header><\/div><footer class=\"entry-footer\"><div class='slide-meta'><div class='slide-meta-comments'><a href='https:\/\/genevieveetdidier.fr\/?p=4947#comments'>2 Commentaires<\/a><\/div><div class='slide-meta-del'>\/<\/div><time class='slide-meta-time updated'  itemprop=\"datePublished\" datetime=\"2019-09-28T19:12:09+02:00\" >28 septembre 2019<\/time><\/div><\/footer><span class='hidden'>\n\t\t\t<span class='av-structured-data'  itemscope=\"itemscope\" itemtype=\"https:\/\/schema.org\/ImageObject\"  itemprop='image'>\n\t\t\t\t\t   <span itemprop='url' >https:\/\/genevieveetdidier.fr\/wp-content\/uploads\/2019\/09\/20190921_085843.jpg<\/span>\n\t\t\t\t\t   <span itemprop='height' >2752<\/span>\n\t\t\t\t\t   <span itemprop='width' >5664<\/span>\n\t\t\t\t  <\/span><span class='av-structured-data'  itemprop=\"publisher\" itemtype=\"https:\/\/schema.org\/Organization\" itemscope=\"itemscope\" >\n\t\t\t\t<span itemprop='name'>admin2725<\/span>\n\t\t\t\t<span itemprop='logo' itemscope itemtype='http:\/\/schema.org\/ImageObject'>\n\t\t\t\t   <span itemprop='url'>http:\/\/genevieveetdidier.fr\/wp-content\/uploads\/2023\/07\/cropped-photo2-scaled-1-500x500.jpg<\/span>\n\t\t\t\t <\/span>\n\t\t\t  <\/span><span class='av-structured-data'  itemprop=\"author\" itemscope=\"itemscope\" itemtype=\"https:\/\/schema.org\/Person\" ><span itemprop='name'>admin2725<\/span><\/span><span class='av-structured-data'  itemprop=\"datePublished\" datetime=\"2019-09-20T17:29:16+02:00\" >2019-09-21 17:49:31<\/span><span class='av-structured-data'  itemprop=\"dateModified\" itemtype=\"https:\/\/schema.org\/dateModified\" >2020-04-27 17:22:31<\/span><span class='av-structured-data'  itemprop=\"mainEntityOfPage\" itemtype=\"https:\/\/schema.org\/mainEntityOfPage\" ><span itemprop='name'>De Chimay \u00e0 Olloy sur Viroin, 41 km<\/span><\/span><\/span><\/article><article class='slide-entry flex_column  post-entry post-entry-4916 slide-entry-overview slide-loop-4 slide-parity-even  post-entry-last  av_one_fourth  real-thumbnail'  itemscope=\"itemscope\" itemtype=\"https:\/\/schema.org\/BlogPosting\" itemprop=\"blogPost\" ><a href='https:\/\/genevieveetdidier.fr\/?p=4916' data-rel='slide-1' class='slide-image' title=''><img loading=\"lazy\" decoding=\"async\" width=\"260\" height=\"185\" src=\"https:\/\/genevieveetdidier.fr\/wp-content\/uploads\/2019\/09\/20190920_134247-260x185.jpg\" class=\"attachment-portfolio_small size-portfolio_small wp-post-image\" alt=\"\" \/><\/a><div class='slide-content'><header class=\"entry-content-header\"><span class=\"blog-categories minor-meta\"><a href=\"https:\/\/genevieveetdidier.fr\/?cat=30\" rel=\"tag\">Belgique<\/a> <\/span><h3 class='slide-entry-title entry-title'  itemprop=\"headline\" ><a href='https:\/\/genevieveetdidier.fr\/?p=4916' title='D&#039;\u00c9tr\u00e9aupont \u00e0 Chimay, 50 km'>D'\u00c9tr\u00e9aupont \u00e0 Chimay, 50 km<\/a><\/h3><span class=\"av-vertical-delimiter\"><\/span><\/header><div class='slide-entry-excerpt entry-content'  itemprop=\"text\" >\r\n\r\n<\/div><\/div><footer class=\"entry-footer\"><div class='slide-meta'><time class='slide-meta-time updated'  itemprop=\"datePublished\" datetime=\"2019-09-20T17:29:16+02:00\" >20 septembre 2019<\/time><\/div><\/footer><span class='hidden'>\n\t\t\t<span class='av-structured-data'  itemscope=\"itemscope\" itemtype=\"https:\/\/schema.org\/ImageObject\"  itemprop='image'>\n\t\t\t\t\t   <span itemprop='url' >https:\/\/genevieveetdidier.fr\/wp-content\/uploads\/2019\/09\/20190920_134247.jpg<\/span>\n\t\t\t\t\t   <span itemprop='height' >2752<\/span>\n\t\t\t\t\t   <span itemprop='width' >5664<\/span>\n\t\t\t\t  <\/span><span class='av-structured-data'  itemprop=\"publisher\" itemtype=\"https:\/\/schema.org\/Organization\" itemscope=\"itemscope\" >\n\t\t\t\t<span itemprop='name'>admin2725<\/span>\n\t\t\t\t<span itemprop='logo' itemscope itemtype='http:\/\/schema.org\/ImageObject'>\n\t\t\t\t   <span itemprop='url'>http:\/\/genevieveetdidier.fr\/wp-content\/uploads\/2023\/07\/cropped-photo2-scaled-1-500x500.jpg<\/span>\n\t\t\t\t <\/span>\n\t\t\t  <\/span><span class='av-structured-data'  itemprop=\"author\" itemscope=\"itemscope\" itemtype=\"https:\/\/schema.org\/Person\" ><span itemprop='name'>admin2725<\/span><\/span><span class='av-structured-data'  itemprop=\"datePublished\" datetime=\"2019-09-20T17:29:16+02:00\" >2019-09-20 17:29:16<\/span><span class='av-structured-data'  itemprop=\"dateModified\" itemtype=\"https:\/\/schema.org\/dateModified\" >2020-04-27 17:22:41<\/span><span class='av-structured-data'  itemprop=\"mainEntityOfPage\" itemtype=\"https:\/\/schema.org\/mainEntityOfPage\" ><span itemprop='name'>D'\u00c9tr\u00e9aupont \u00e0 Chimay, 50 km<\/span><\/span><\/span><\/article><\/div><\/div><\/div><\/p><\/div>\n","protected":false},"excerpt":{"rendered":"","protected":false},"author":1,"featured_media":0,"parent":5494,"menu_order":4,"comment_status":"closed","ping_status":"closed","template":"","meta":{"_monsterinsights_skip_tracking":false,"_monsterinsights_sitenote_active":false,"_monsterinsights_sitenote_note":"","_monsterinsights_sitenote_category":0,"footnotes":""},"class_list":["post-5736","page","type-page","status-publish","hentry"],"_links":{"self":[{"href":"https:\/\/genevieveetdidier.fr\/index.php?rest_route=\/wp\/v2\/pages\/5736","targetHints":{"allow":["GET"]}}],"collection":[{"href":"https:\/\/genevieveetdidier.fr\/index.php?rest_route=\/wp\/v2\/pages"}],"about":[{"href":"https:\/\/genevieveetdidier.fr\/index.php?rest_route=\/wp\/v2\/types\/page"}],"author":[{"embeddable":true,"href":"https:\/\/genevieveetdidier.fr\/index.php?rest_route=\/wp\/v2\/users\/1"}],"replies":[{"embeddable":true,"href":"https:\/\/genevieveetdidier.fr\/index.php?rest_route=%2Fwp%2Fv2%2Fcomments&post=5736"}],"version-history":[{"count":10,"href":"https:\/\/genevieveetdidier.fr\/index.php?rest_route=\/wp\/v2\/pages\/5736\/revisions"}],"predecessor-version":[{"id":5844,"href":"https:\/\/genevieveetdidier.fr\/index.php?rest_route=\/wp\/v2\/pages\/5736\/revisions\/5844"}],"up":[{"embeddable":true,"href":"https:\/\/genevieveetdidier.fr\/index.php?rest_route=\/wp\/v2\/pages\/5494"}],"wp:attachment":[{"href":"https:\/\/genevieveetdidier.fr\/index.php?rest_route=%2Fwp%2Fv2%2Fmedia&parent=5736"}],"curies":[{"name":"wp","href":"https:\/\/api.w.org\/{rel}","templated":true}]}}