{"id":5568,"date":"2020-04-04T22:49:03","date_gmt":"2020-04-04T20:49:03","guid":{"rendered":"http:\/\/genevieveetdidier.fr\/?page_id=5568"},"modified":"2020-05-04T17:43:44","modified_gmt":"2020-05-04T15:43:44","slug":"albanie","status":"publish","type":"page","link":"https:\/\/genevieveetdidier.fr\/?page_id=5568","title":{"rendered":"Albanie"},"content":{"rendered":"<div class=\"flex_column av_one_half  flex_column_div av-zero-column-padding first  \" style='border-radius:0px; '><section class=\"av_textblock_section\"  itemscope=\"itemscope\" itemtype=\"https:\/\/schema.org\/CreativeWork\" ><div class='avia_textblock '   itemprop=\"text\" ><h1 style=\"text-align: center;\"><strong><span style=\"color: #000080;\">ALBANIE<\/span><\/strong><\/h1>\n<\/div><\/section><br \/>\n<section class=\"av_textblock_section\"  itemscope=\"itemscope\" itemtype=\"https:\/\/schema.org\/CreativeWork\" ><div class='avia_textblock '   itemprop=\"text\" ><p>L&rsquo;Albanie est isol\u00e9e du reste du monde jusqu&rsquo;\u00e0 la chute du r\u00e9gime communiste en\u00a0<a title=\"1991\" href=\"https:\/\/fr.wikipedia.org\/wiki\/1991\">1991<\/a>. Vingt cinq ans apr\u00e8s les touristes ne sont pas encore nombreux et la population est pauvre mais tr\u00e8s accueillante. Les routes comme les voitures sont peu nombreuses, hormis les grosses Mercedes noires, symboles de la r\u00e9ussite sociale. Nous nous sommes peu \u00e9loign\u00e9s de la c\u00f4te mais le paysage est tr\u00e8s accident\u00e9 et magnifique.<\/p>\n<p><a href=\"https:\/\/www.facebook.com\/red.radoja\">Red Radoja<\/a>, pianiste et compositeur albanais, nous a donn\u00e9 l&rsquo;envie de d\u00e9couvrir l&rsquo;Albanie et les Albanais apr\u00e8s nous avoir initi\u00e9s aux chants traditionnels. Il nous a cont\u00e9 les caract\u00e8res marqu\u00e9s des Albanais et leur attachement \u00e0 leur terre bien qu&rsquo;ils soient exil\u00e9s en grand nombre.<\/p>\n<\/div><\/section><br \/>\n<div  class='hr hr-default '><span class='hr-inner ' ><span class='hr-inner-style'><\/span><\/span><\/div><br \/>\n<div class='avia-image-container  av-styling-   avia-align-center '  itemscope=\"itemscope\" itemtype=\"https:\/\/schema.org\/ImageObject\"  ><div class='avia-image-container-inner'><img class='avia_image ' src='https:\/\/genevieveetdidier.fr\/wp-content\/uploads\/2018\/06\/20180609_144830-500x281.jpg' alt='' title='20180609_144830'   itemprop=\"thumbnailUrl\"  \/><\/div><\/div><\/p><\/div><div class=\"flex_column av_one_half  flex_column_div av-zero-column-padding   \" style='border-radius:0px; '><p><section class=\"av_textblock_section\"  itemscope=\"itemscope\" itemtype=\"https:\/\/schema.org\/CreativeWork\" ><div class='avia_textblock '   itemprop=\"text\" ><p><iframe loading=\"lazy\" src=\"https:\/\/www.google.com\/maps\/d\/embed?mid=1Ey1bzPec4SL1A7axBLFPX6CnvDXrxVuS\" width=\"640\" height=\"480\"><\/iframe><\/p>\n<\/div><\/section><br \/>\n<div class='avia-image-container  av-styling-   avia-align-center '  itemscope=\"itemscope\" itemtype=\"https:\/\/schema.org\/ImageObject\"  ><div class='avia-image-container-inner'><img class='avia_image ' src='https:\/\/genevieveetdidier.fr\/wp-content\/uploads\/2020\/04\/Albanie.png' alt='' title='Albanie'   itemprop=\"thumbnailUrl\"  \/><\/div><\/div><\/p><\/div><\/p>\n<div class=\"flex_column av_one_half  flex_column_div av-zero-column-padding first  \" style='border-radius:0px; '><section class=\"av_textblock_section\"  itemscope=\"itemscope\" itemtype=\"https:\/\/schema.org\/CreativeWork\" ><div class='avia_textblock  av_inherit_color'  style='color:#403f7a; '  itemprop=\"text\" ><h2><strong><span style=\"color: #000080;\"><a style=\"color: #000080;\" href=\"https:\/\/genevieveetdidier.fr\/?page_id=3521\">D\u00e9couverte de l&rsquo;Albanie lors du P\u00e9riple 2018<\/a><\/span><\/strong><\/h2>\n<\/div><\/section><\/div>\n<div class=\"flex_column av_one_half  flex_column_div av-zero-column-padding   \" style='border-radius:0px; '><section class=\"av_textblock_section\"  itemscope=\"itemscope\" itemtype=\"https:\/\/schema.org\/CreativeWork\" ><div class='avia_textblock '   itemprop=\"text\" ><p><a href=\"https:\/\/www.diplomatie.gouv.fr\/fr\/dossiers-pays\/albanie\/presentation-de-l-albanie\/\">Pour aller plus loin<\/a><\/p>\n<\/div><\/section><\/div>\n<div  class='hr hr-default '><span class='hr-inner ' ><span class='hr-inner-style'><\/span><\/span><\/div>\n<div class=\"flex_column av_one_full  flex_column_div av-zero-column-padding first  \" style='border-radius:0px; '><section class=\"av_textblock_section\"  itemscope=\"itemscope\" itemtype=\"https:\/\/schema.org\/CreativeWork\" ><div class='avia_textblock '   itemprop=\"text\" ><h1><strong>Pr\u00e9sentation de l&rsquo;Albanie<\/strong><\/h1>\n<p><strong>Quelques donn\u00e9es <\/strong><\/p>\n<p><em>(A titre de comparaison les donn\u00e9es en italique sont celles de la France)<\/em><\/p>\n<p><i>Donn\u00e9es g\u00e9ographiques<\/i><\/p>\n<p>Superficie : 28 748 <a title=\"\" href=\"https:\/\/fr.wikipedia.org\/wiki\/Kilom%C3%A8tre_carr%C3%A9\">km<sup>2<\/sup><\/a> <em>(632734)<\/em><br class=\"autobr\" \/>Capitale\u00a0: Tirana<br class=\"autobr\" \/>Monnaie : le lek (1 \u20ac = 121.60 lek)<\/p>\n<p><i>Donn\u00e9es d\u00e9mographiques<\/i><\/p>\n<p>Population (2018) : 2,9 millions d\u2019habitants\u00a0<em>(67,795)<\/em><br class=\"autobr\" \/>Densit\u00e9 : 100,1 hab\/<a title=\"\" href=\"https:\/\/fr.wikipedia.org\/wiki\/Kilom%C3%A8tre_carr%C3%A9\">km<sup>2<\/sup><\/a> (<em>100,8)<\/em><\/p>\n<p>Religion (s) : musulmane (environ 65 %), orthodoxe (environ 20 %), catholique (environ 13 %)<br class=\"autobr\" \/>Indice de d\u00e9veloppement humain (2018) : 0,785 selon le PNUD (68\u00e8me rang mondial)\u00a0<em>(0,901 ; 24e)<\/em><\/p>\n<p><strong>Donn\u00e9es \u00e9conomiques<\/strong><\/p>\n<p>PIB (2018)\u00a0:\u00a0<strong>12,7 Mds \u20ac<\/strong><br class=\"autobr\" \/>PIB par habitant (2017) : 4 482 EUR\u00a0<em>(42878$)<\/em><br class=\"autobr\" \/>Croissance (2018)\u00a0: 3,8\u00a0%<br class=\"autobr\" \/>Ch\u00f4mage (2018) : 12,3%\u00a0<em>(8,5%)<\/em><br class=\"autobr\" \/>Inflation (2018)\u00a0: + 2\u00a0%<br class=\"autobr\" \/>Solde budg\u00e9taire (2018)\u00a0: &#8211; 1,5%<br class=\"autobr\" \/>Balance commerciale (2018)\u00a0: -20,4% du PIB<br class=\"autobr\" \/>Principaux clients (2018)\u00a0: Italie, Kosovo, Espagne<br class=\"autobr\" \/>Principaux fournisseurs (2018)\u00a0: Italie, Turquie, Chine<br class=\"autobr\" \/>Part des principaux secteurs d\u2019activit\u00e9s dans le PIB (2017)\u00a0:<\/p>\n<ul class=\"spip\">\n<li>agriculture\u00a0: 21,76\u00a0%<\/li>\n<li>industrie\u00a0: 12,83%<\/li>\n<li>services\u00a0: 60,13\u00a0%<br class=\"autobr\" \/>Exportations de la France vers l\u2019Albanie (2018)\u00a0: 62 EUR<br class=\"autobr\" \/>Importations fran\u00e7aises depuis l\u2018Albanie(2018)\u00a0: 88 M EUR<\/li>\n<\/ul>\n<\/div><\/section><\/div>\n<div class=\"flex_column av_one_third  flex_column_div av-zero-column-padding first  \" style='border-radius:0px; '><\/div>\n","protected":false},"excerpt":{"rendered":"","protected":false},"author":1,"featured_media":2239,"parent":5494,"menu_order":1,"comment_status":"closed","ping_status":"closed","template":"","meta":{"_monsterinsights_skip_tracking":false,"_monsterinsights_sitenote_active":false,"_monsterinsights_sitenote_note":"","_monsterinsights_sitenote_category":0,"footnotes":""},"class_list":["post-5568","page","type-page","status-publish","has-post-thumbnail","hentry"],"_links":{"self":[{"href":"https:\/\/genevieveetdidier.fr\/index.php?rest_route=\/wp\/v2\/pages\/5568","targetHints":{"allow":["GET"]}}],"collection":[{"href":"https:\/\/genevieveetdidier.fr\/index.php?rest_route=\/wp\/v2\/pages"}],"about":[{"href":"https:\/\/genevieveetdidier.fr\/index.php?rest_route=\/wp\/v2\/types\/page"}],"author":[{"embeddable":true,"href":"https:\/\/genevieveetdidier.fr\/index.php?rest_route=\/wp\/v2\/users\/1"}],"replies":[{"embeddable":true,"href":"https:\/\/genevieveetdidier.fr\/index.php?rest_route=%2Fwp%2Fv2%2Fcomments&post=5568"}],"version-history":[{"count":15,"href":"https:\/\/genevieveetdidier.fr\/index.php?rest_route=\/wp\/v2\/pages\/5568\/revisions"}],"predecessor-version":[{"id":5886,"href":"https:\/\/genevieveetdidier.fr\/index.php?rest_route=\/wp\/v2\/pages\/5568\/revisions\/5886"}],"up":[{"embeddable":true,"href":"https:\/\/genevieveetdidier.fr\/index.php?rest_route=\/wp\/v2\/pages\/5494"}],"wp:featuredmedia":[{"embeddable":true,"href":"https:\/\/genevieveetdidier.fr\/index.php?rest_route=\/wp\/v2\/media\/2239"}],"wp:attachment":[{"href":"https:\/\/genevieveetdidier.fr\/index.php?rest_route=%2Fwp%2Fv2%2Fmedia&parent=5568"}],"curies":[{"name":"wp","href":"https:\/\/api.w.org\/{rel}","templated":true}]}}