{"id":514,"date":"2018-02-04T18:14:09","date_gmt":"2018-02-04T17:14:09","guid":{"rendered":"http:\/\/genevieveetdidier.fr\/?page_id=514"},"modified":"2018-04-05T10:42:06","modified_gmt":"2018-04-05T08:42:06","slug":"de-pompei-a-marina-de-ferrare","status":"publish","type":"page","link":"https:\/\/genevieveetdidier.fr\/?page_id=514","title":{"rendered":"De Pomp\u00e9i \u00e0 Marina de Ferrare"},"content":{"rendered":"<div class=\"flex_column av_two_fifth  flex_column_div av-zero-column-padding first  \" style='border-radius:0px; '><section class=\"av_textblock_section\"  itemscope=\"itemscope\" itemtype=\"https:\/\/schema.org\/CreativeWork\" ><div class='avia_textblock '   itemprop=\"text\" ><h2>De Pomp\u00e9i \u00e0 Marina de Ferrare<\/h2>\n<h2>Du 5 juin au 11 juin 2017<\/h2>\n<\/div><\/section><\/div><div class=\"flex_column av_one_third  flex_column_div av-zero-column-padding   \" style='border-radius:0px; '><div class='avia-image-container  av-styling-   avia-align-center '  itemscope=\"itemscope\" itemtype=\"https:\/\/schema.org\/ImageObject\"  ><div class='avia-image-container-inner'><img class='avia_image ' src='https:\/\/genevieveetdidier.fr\/wp-content\/uploads\/2018\/03\/carte7-500x167.jpg' alt='' title='carte7'   itemprop=\"thumbnailUrl\"  \/><\/div><\/div><\/div><\/p>\n<div class=\"flex_column av_one_fourth  flex_column_div av-zero-column-padding   \" style='border-radius:0px; '><p><div class='avia-button-wrap avia-button-center '><a href='https:\/\/genevieveetdidier.fr\/?page_id=342' class='avia-button  avia-icon_select-yes-left-icon avia-color-teal avia-size-large avia-position-center '   ><span class='avia_button_icon avia_button_icon_left ' aria-hidden='true' data-av_icon='\ue865' data-av_iconfont='entypo-fontello'><\/span><span class='avia_iconbox_title' >Etape pr\u00e9c\u00e9dente<\/span><\/a><\/div><br \/>\n<div  class='hr hr-default '><span class='hr-inner ' ><span class='hr-inner-style'><\/span><\/span><\/div><br \/>\n<div class='avia-button-wrap avia-button-center '><a href='https:\/\/genevieveetdidier.fr\/?page_id=1080' class='avia-button  avia-icon_select-yes-left-icon avia-color-teal avia-size-large avia-position-center '   ><span class='avia_button_icon avia_button_icon_left ' aria-hidden='true' data-av_icon='\ue800' data-av_iconfont='entypo-fontello'><\/span><span class='avia_iconbox_title' >Etape suivante<\/span><\/a><\/div><\/p><\/div><\/div><\/div><\/div><!-- close content main div --><\/div><\/div><div id='av_section_1' class='avia-section main_color avia-section-default avia-no-shadow avia-full-stretch avia-bg-style-fixed  av-minimum-height av-minimum-height-75 container_wrap fullsize' style = 'background-repeat: no-repeat; background-image: url(https:\/\/genevieveetdidier.fr\/wp-content\/uploads\/2018\/02\/pompei1.jpg); background-attachment: fixed; background-position: center center; ' data-section-bg-repeat='stretch' ><div class='container' ><div class='template-page content  av-content-full alpha units'><div class='post-entry post-entry-type-page post-entry-514'><div class='entry-content-wrapper clearfix'><\/p>\n<div class=\"flex_column av_one_full  flex_column_div av-zero-column-padding first  \" style='border-radius:0px; '><section class=\"av_textblock_section\"  itemscope=\"itemscope\" itemtype=\"https:\/\/schema.org\/CreativeWork\" ><div class='avia_textblock '   itemprop=\"text\" ><h2><\/h2>\n<p>Repos, ou presque. C\u2019est le jour de la lessive et ce matin Genevi\u00e8ve frotte fort. Cela fait nous partons aussit\u00f4t pour faire l\u2019ascension du V\u00e9suve, d\u2019abord en bus, puis en 4&#215;4 et enfin \u00e0 pieds jusqu\u2019au sommet, c&rsquo;est-\u00e0-dire au bord du crat\u00e8re. Le plus dur c\u2019est en 4&#215;4, mais je ne suis pas l\u00e0 pour vous parler de l\u2019\u00e9tat de mon c\u0153ur ou de mes fesses, \u00e7a secoue, parlons plut\u00f4t de la vue sur la baie de Naples, de la d\u00e9couverte du volcan (qui est tout \u00e0 fait calme hormis une toute petite fum\u00e9e), ce sont de vrais bonheurs pour les yeux. Question repos c\u2019est autre chose\u2026 il y a une bonne petite marche, avec la d\u00e9ception quand m\u00eame, de trouver des marchands de souvenirs en haut. Ils sont partout\u00a0!<\/p>\n<p>Une rencontre au sommet et des \u00e9changes int\u00e9ressants avec un couple de Roumains heureux. Lui a fait ses \u00e9tudes \u00e0 Compi\u00e8gne, comme moi\u00a0: le monde est petit.<\/p>\n<p>En revenant l\u2019apr\u00e8s-midi nous constatons que nous n\u2019avons rien \u00e0 manger et tout est ferm\u00e9 (lundi de Pentec\u00f4te oblige) y compris au camping. C\u2019est donc en je\u00fbnant que nous essayons de nous reposer de notre dure et belle journ\u00e9e.<\/p>\n<\/div><\/section><\/div>\n<div class=\"flex_column av_one_half  flex_column_div av-zero-column-padding first  \" style='border-radius:0px; '><section class=\"av_textblock_section\"  itemscope=\"itemscope\" itemtype=\"https:\/\/schema.org\/CreativeWork\" ><div class='avia_textblock '   itemprop=\"text\" ><h3><\/h3>\n<p><img loading=\"lazy\" decoding=\"async\" class=\"size-medium wp-image-521 alignleft\" src=\"https:\/\/genevieveetdidier.fr\/wp-content\/uploads\/2018\/02\/pompei3-500x329.jpg\" alt=\"\" width=\"500\" height=\"329\" srcset=\"https:\/\/genevieveetdidier.fr\/wp-content\/uploads\/2018\/02\/pompei3-500x329.jpg 500w, https:\/\/genevieveetdidier.fr\/wp-content\/uploads\/2018\/02\/pompei3-768x506.jpg 768w, https:\/\/genevieveetdidier.fr\/wp-content\/uploads\/2018\/02\/pompei3-705x464.jpg 705w, https:\/\/genevieveetdidier.fr\/wp-content\/uploads\/2018\/02\/pompei3-450x296.jpg 450w, https:\/\/genevieveetdidier.fr\/wp-content\/uploads\/2018\/02\/pompei3.jpg 913w\" sizes=\"auto, (max-width: 500px) 100vw, 500px\" \/><\/p>\n<h3><\/h3>\n<\/div><\/section><\/div>\n<div class=\"flex_column av_one_half  flex_column_div av-zero-column-padding   \" style='border-radius:0px; '><section class=\"av_textblock_section\"  itemscope=\"itemscope\" itemtype=\"https:\/\/schema.org\/CreativeWork\" ><div class='avia_textblock '   itemprop=\"text\" ><h3>POMPEI \u2013 LAURA 68 kms<\/h3>\n<p>Nous sommes tr\u00e8s heureux de quitter POMPEI, sa foule, son bruit, son camping pr\u00e8s du train, sur les cailloux, bref nous sommes heureux de reprendre la route. D\u2019abord une route assez urbaine, jusque SALERNE o\u00f9 nous retrouvons enfin un bord de mer tranquille (car si on compte bien, depuis POZZUOLI, cela fait quand m\u00eame 70 kilom\u00e8tres en agglom\u00e9ration).<\/p>\n<p>Cette tranquillit\u00e9 de la mer nous d\u00e9cide \u00e0 modifier un peu notre parcours. Nous \u00e9tions partis pour aller \u00e0 EBOLI mais nous allons plut\u00f4t continuer \u00e0 longer un peu les plages, ce sera plus facile pour trouver un camping.<\/p>\n<p>Notre camping est \u00e0 LAURA, juste un peu avant PAESTUM. C\u2019est un camping tr\u00e8s peu fr\u00e9quent\u00e9, peu cher et hyper calme (sans train qui passe, il n\u2019y a que le bruit des vagues). Comme nous arrivons assez t\u00f4t, Genevi\u00e8ve peu profiter de la sieste et de la baignade. Moi je n\u2019ai plus qu\u2019\u00e0 attendre ma bi\u00e8re sur la terrasse\u00a0: quelle vie on m\u00e8ne\u00a0! On a enfin trouv\u00e9 le repos que l\u2019on avait cherch\u00e9 en vain \u00e0 POMPEI.<\/p>\n<p>La <em>birra Moretti<\/em> va nous devoir beaucoup.<\/p>\n<p>Quelques courses et on mange au restaurant <em>Lido Nettuno<\/em> et c\u2019est un resto d\u2019une tr\u00e8s bonne qualit\u00e9 pour ne pas dire gastronomique. Les tagliatelles de thon au s\u00e9same \u00e9taient exquises.<\/p>\n<p>Nuit de silence, cela faisait longtemps\u2026<\/p>\n<h3><\/h3>\n<\/div><\/section><\/div>\n<\/div><\/div><\/div><!-- close content main div --><\/div><\/div><div id='av_section_2' class='avia-section main_color avia-section-default avia-no-shadow avia-bg-style-scroll  container_wrap fullsize' style = 'background-color: #dddddd; '  ><div class='container' ><div class='template-page content  av-content-full alpha units'><div class='post-entry post-entry-type-page post-entry-514'><div class='entry-content-wrapper clearfix'>\n<div class=\"flex_column av_one_half  flex_column_div av-zero-column-padding first  \" style='border-radius:0px; '><section class=\"av_textblock_section\"  itemscope=\"itemscope\" itemtype=\"https:\/\/schema.org\/CreativeWork\" ><div class='avia_textblock '   itemprop=\"text\" ><h3>LAURA \u2013 ATENA 73 kms<\/h3>\n<p><img loading=\"lazy\" decoding=\"async\" class=\"size-full wp-image-522 alignright\" src=\"https:\/\/genevieveetdidier.fr\/wp-content\/uploads\/2018\/02\/pompei4.jpg\" alt=\"\" width=\"497\" height=\"373\" srcset=\"https:\/\/genevieveetdidier.fr\/wp-content\/uploads\/2018\/02\/pompei4.jpg 497w, https:\/\/genevieveetdidier.fr\/wp-content\/uploads\/2018\/02\/pompei4-450x338.jpg 450w\" sizes=\"auto, (max-width: 497px) 100vw, 497px\" \/><\/p>\n<\/div><\/section><\/div><div class=\"flex_column av_one_half  flex_column_div av-zero-column-padding   \" style='border-radius:0px; '><section class=\"av_textblock_section\"  itemscope=\"itemscope\" itemtype=\"https:\/\/schema.org\/CreativeWork\" ><div class='avia_textblock '   itemprop=\"text\" ><h3><\/h3>\n<p>Nous savions qu\u2019aujourd\u2019hui nous allions attaquer la montagne et nous avons \u00e9t\u00e9 servis. Premi\u00e8re mont\u00e9e assez s\u00e9rieuse mais r\u00e9guli\u00e8re pour atteindre ROCCADASPIDE, puis nous redescendons. Ensuite c\u2019est une mont\u00e9e \u00e0 n\u2019en plus finir, 25 kilom\u00e8tres en continu pour atteindre le col de <em>La Sentinelle<\/em> \u00e0 980 m\u00e8tres d\u2019altitude. Quand on est parti de z\u00e9ro cela fait un bon d\u00e9nivel\u00e9.<\/p>\n<p>La descente est appr\u00e9ciable et nous atteignons ATENA o\u00f9 nous avons trouv\u00e9 une chambre super, avec un vrai lit, une cuisine, une terrasse <em>i tutti quanti<\/em>. L\u2019avantage du sud c\u2019est que les prix descendent \u00e0 mesure qu\u2019on descend, surtout lorsqu\u2019on quitte les zones touristiques. Nous payons moins cher les chambres \u00e0 la campagne que les campings \u00e0 la mer.<\/p>\n<p>Les paysages et le calme du parc <em>del Silento<\/em>, que nous avons travers\u00e9 en montant, \u00e9taient super aussi. Tout compte fait, m\u00eame si nous avons perdu quelques litres en montant (il fait chaud) c\u2019\u00e9tait une tr\u00e8s bonne journ\u00e9e.<\/p>\n<\/div><\/section><\/div>\n\n<div class=\"flex_column av_one_half  flex_column_div av-zero-column-padding first  \" style='border-radius:0px; '><section class=\"av_textblock_section\"  itemscope=\"itemscope\" itemtype=\"https:\/\/schema.org\/CreativeWork\" ><div class='avia_textblock '   itemprop=\"text\" ><h3>ATENA \u2013 MISSANELLO 86 kms<\/h3>\n<p>Je ne suis plus habitu\u00e9 \u00e0 dormir dans un lit mais le confort fait du bien quand m\u00eame.<\/p>\n<p>Nous sommes partis en suivant la SS598 qui indique la direction de TARENTE mais nous n\u2019irons pas jusque-l\u00e0. \u00c7a monte et \u00e7a monte encore mais \u00e0 partir de MARSINO NUOVO nous profitons d\u2019un bon faux-plat descendant. Le midi nous sommes \u00e0 VILLA D\u2019AGRI et Genevi\u00e8ve profite de la pause m\u00e9ridienne pour essayer de r\u00e9gler ses probl\u00e8mes de mails. Sa bo\u00eete a \u00e9t\u00e9 pirat\u00e9e et tout le monde lui \u00e9crit en s\u2019inqui\u00e9tant. C\u2019est dans ce genre de situation que l\u2019on compte ses amis et elle en a beaucoup, mais il faut leur r\u00e9pondre.<\/p>\n<p>L\u2019apr\u00e8s-midi nous prenons quelques petites routes pour rompre la monotonie des nationales. La vall\u00e9e est jolie et plut\u00f4t verte pour cette r\u00e9gion d\u00e9j\u00e0 bien au sud. Ensuite il faut reprendre la SS598 pour avancer et avoir l\u2019espoir de trouver un lieu pour dormir. C\u2019est un peu avant SANT ARCANGELO que nous nous arr\u00eatons dans un <em>agricampeggio<\/em> (\u00e0 conseiller). La famille est tr\u00e8s accueillante et aux petits soins\u00a0; la cuisini\u00e8re nous fait go\u00fbter tous les plats originaux de la r\u00e9gion et le repas du soir est le meilleur que nous ayons fait depuis notre d\u00e9part.<\/p>\n<\/div><\/section><\/div>\n<div class=\"flex_column av_one_half  flex_column_div av-zero-column-padding   \" style='border-radius:0px; '><section class=\"av_textblock_section\"  itemscope=\"itemscope\" itemtype=\"https:\/\/schema.org\/CreativeWork\" ><div class='avia_textblock '   itemprop=\"text\" ><p style=\"text-align: center;\"><img loading=\"lazy\" decoding=\"async\" class=\"wp-image-523 size-medium\" src=\"https:\/\/genevieveetdidier.fr\/wp-content\/uploads\/2018\/02\/pompei5-500x374.jpg\" alt=\"\" width=\"500\" height=\"374\" srcset=\"https:\/\/genevieveetdidier.fr\/wp-content\/uploads\/2018\/02\/pompei5-500x374.jpg 500w, https:\/\/genevieveetdidier.fr\/wp-content\/uploads\/2018\/02\/pompei5-450x337.jpg 450w, https:\/\/genevieveetdidier.fr\/wp-content\/uploads\/2018\/02\/pompei5.jpg 685w\" sizes=\"auto, (max-width: 500px) 100vw, 500px\" \/> L\u2019agricampeggio<\/p>\n<\/div><\/section><\/div>\n<\/div><\/div><\/div><!-- close content main div --><\/div><\/div><div id='av_section_3' class='avia-section main_color avia-section-default avia-no-shadow av-parallax-section avia-bg-style-parallax  av-minimum-height av-minimum-height-75 container_wrap fullsize'  data-section-bg-repeat='no-repeat' ><div class='av-parallax' data-avia-parallax-ratio='0.3' ><div class='av-parallax-inner main_color  avia-full-stretch' style = 'background-repeat: no-repeat; background-image: url(https:\/\/genevieveetdidier.fr\/wp-content\/uploads\/2018\/02\/pompei6-500x251.jpg); background-attachment: scroll; background-position: top left; ' ><\/div><\/div><div class='container' ><div class='template-page content  av-content-full alpha units'><div class='post-entry post-entry-type-page post-entry-514'><div class='entry-content-wrapper clearfix'>\n<div class=\"flex_column av_one_full  flex_column_div av-zero-column-padding first  \" style='border-radius:0px; '><section class=\"av_textblock_section\"  itemscope=\"itemscope\" itemtype=\"https:\/\/schema.org\/CreativeWork\" ><div class='avia_textblock '   itemprop=\"text\" ><h3>\u00a0MISSANELLO \u2013 POMARICO 80 kms<\/h3>\n<p>Chaud chaud, il fait chaud. Nous suivons la vall\u00e9e de l\u2019Agri. Il n\u2019y a pas de villages et nous roulons dans des champs d\u2019arbres fruitiers o\u00f9 il n\u2019y a personne.<\/p>\n<p>Au bout d\u2019une trentaine de kilom\u00e8tres nous bifurquons pour remonter vers le nord \u00e0 travers de petites montagnes (au d\u00e9but) et les paysages deviennent arides (et torrides). Dans une grimpette assez rude j\u2019ai le d\u00e9sagr\u00e9ment de perdre mon porte-bagage arri\u00e8re\u00a0; il s\u2019est d\u00e9croch\u00e9 et est tomb\u00e9 d\u2019un coup\u00a0! c\u2019est assez d\u00e9sagr\u00e9able et sur le coup cela fait peur. Heureusement que ce n\u2019\u00e9tait pas en descente.<\/p>\n<p>Nous avons la chance de trouver un coin \u00e0 l\u2019ombre, qui plus est pr\u00e8s d\u2019une des rares fontaines du secteur, pour pouvoir r\u00e9parer. Nous trouvons ensuite, pr\u00e8s de l\u00e0, un petit village (ce qui est aussi rare que les fontaines) o\u00f9 nous pouvons faire les courses et manger.<\/p>\n<p>Apr\u00e8s une l\u00e9g\u00e8re collation (r\u00e9gime fruits et l\u00e9gumes frais) nous nous dirigeons vers PISTICCI sous un soleil toujours plus brulant. \u00c0 PISTICCI nous prenons une route d\u00e9saffect\u00e9e, route interdite \u00e0 toute circulation<a href=\"#_ftn1\" name=\"_ftnref1\">[1]<\/a>, vers POMARICO. Pendant une trentaine de kilom\u00e8tres nous allons monter dans des montagnes d\u00e9sertiques, magnifiques, sans voir \u00e2me qui vive\u00a0: c\u2019est le paradis sous un cagnard d\u2019enfer. Je perds des litres et des litres, et en montant j\u2019ai en t\u00eate l\u2019image du capitaine Haddock qui r\u00eave au whisky en grimpant dans l\u2019Himalaya. Moi c\u2019est \u00e0 la bi\u00e8re que je pense, qu\u2019elle va \u00eatre bonne en arrivant\u00a0!<\/p>\n<p>Nous renoncerons \u00e0 aller jusque MATERA, c\u2019\u00e9tait notre projet initial, et nous pr\u00e9f\u00e9rerons demander \u00e0 ebooking de nous trouver un h\u00f4tel \u00e0 POMARICO (il n\u2019y a pas de camping). C\u2019est une ville perch\u00e9e tout en-haut de la montagne, et l\u2019h\u00f4tel est perch\u00e9 tout en-haut de la ville. La vue y est grandiose, \u00e0 360\u00b0, nous voyons m\u00eame la mer. L\u2019h\u00f4tel est en m\u00eame temps un centre \u00e9questre, il y a des chevaux partout, et le restaurant de l\u2019h\u00f4tel a fait de la viande chevaline sa sp\u00e9cialit\u00e9\u00a0: ils aiment vraiment le cheval.<\/p>\n<p><a href=\"#_ftnref1\" name=\"_ftn1\">[1]<\/a> Nous trouverons plusieurs fois des routes abandonn\u00e9es. Les Italiens pr\u00e9f\u00e8rent fermer les routes plut\u00f4t que d\u2019entreprendre des travaux de restauration. Il est vrai que dans ces montagnes qui s\u2019effritent l\u2019entreprise serait on\u00e9reuse et \u00e0 renouveler sans cesse<\/p>\n<\/div><\/section><\/div>\n<div class=\"flex_column av_one_full  flex_column_div av-zero-column-padding first  \" style='border-radius:0px; '><div class='avia-gallery avia-gallery-1 avia_lazyload avia_animate_when_visible '  itemscope=\"itemscope\" itemtype=\"https:\/\/schema.org\/ImageObject\" ><div class='avia-gallery-thumb'> <a href='https:\/\/genevieveetdidier.fr\/wp-content\/uploads\/2018\/02\/pompei7-1.jpg' data-rel='gallery-1' data-prev-img='https:\/\/genevieveetdidier.fr\/wp-content\/uploads\/2018\/02\/pompei7-1-495x400.jpg' class='first_thumb lightbox ' data-onclick='1' title=''  itemprop=\"thumbnailUrl\" ><img  src='https:\/\/genevieveetdidier.fr\/wp-content\/uploads\/2018\/02\/pompei7-1-495x400.jpg' width='495' height='400'  title='pompei7' alt='' \/><\/a> <a href='https:\/\/genevieveetdidier.fr\/wp-content\/uploads\/2018\/02\/pompei8-1030x781.jpg' data-rel='gallery-1' data-prev-img='https:\/\/genevieveetdidier.fr\/wp-content\/uploads\/2018\/02\/pompei8-495x400.jpg' class='lightbox ' data-onclick='2' title='Pomarico'  itemprop=\"thumbnailUrl\" ><img data-avia-tooltip='Pomarico' src='https:\/\/genevieveetdidier.fr\/wp-content\/uploads\/2018\/02\/pompei8-495x400.jpg' width='495' height='400'  title='pompei8' alt='' \/><\/a><\/div><\/div><\/div>\n<\/div><\/div><\/div><!-- close content main div --><\/div><\/div><div id='av_section_4' class='avia-section main_color avia-section-default avia-no-shadow avia-bg-style-scroll  container_wrap fullsize' style = 'background-color: #dbdbdb; '  ><div class='container' ><div class='template-page content  av-content-full alpha units'><div class='post-entry post-entry-type-page post-entry-514'><div class='entry-content-wrapper clearfix'>\n<div class=\"flex_column av_one_half  flex_column_div av-zero-column-padding first  \" style='border-radius:0px; '><section class=\"av_textblock_section\"  itemscope=\"itemscope\" itemtype=\"https:\/\/schema.org\/CreativeWork\" ><div class='avia_textblock '   itemprop=\"text\" ><h3>POMARICO \u2013 ALBEROBELLO 99 kms<\/h3>\n<p>Nous n\u2019aurons pas tous les jours des routes paradisiaques comme hier et aujourd\u2019hui nous sommes davantage dans la normale, sur des axes assez fr\u00e9quent\u00e9s. Nous descendons puis remontons vers MERATA<a href=\"#_ftn2\" name=\"_ftnref2\">[2]<\/a> o\u00f9 nous ne voyons rien de grandiose sinon quelques belles statues.<\/p>\n<p>Nous continuons vers GOIA DEL COLLE. La route devient beaucoup plus belle et en entrant dans les Pouilles nous remarquons tr\u00e8s vite les changements architecturaux. Il y a de grands et beaux murs de pierre et petit \u00e0 petit les trullis font leur apparition et se font plus nombreux.<\/p>\n<p>L\u2019avantage des villes touristiques c\u2019est qu\u2019il y a des campings et nous trouvons facilement notre place \u00e0 ALBEROBELLO.<\/p>\n<h6>Alberobello poss\u00e8de la particularit\u00e9 d&rsquo;avoir des maisons faites de pierres s\u00e8ches (sans mortier) et au toit en forme de c\u00f4ne couvert de lauses calcaires plates ou extraites lors du creusement des citernes aff\u00e9rentes \u00e0 chaque nouveau <em>trullo<\/em>. Elles ont pour nom <em>trulli<\/em> (au singulier\u00a0<em>trullo<\/em>) en italien mais <em>casedde<\/em> (au singulier <em>casedda<\/em>) en dialecte local. On en compte environ 1500 dans les quartiers Monti et Aia Piccola, tous deux class\u00e9s au patrimoine mondial de l&rsquo;UNESCO. Elles font la renomm\u00e9e de ce centre urbain unique au monde. Le quartier Monti (\u00ab\u00a0des Monts\u00a0\u00bb) est le plus touristique de la ville. Les nombreux <em>trulli<\/em> bordant ses ruelles pentues sont pour la plupart convertis en boutiques de souvenirs et de produits artisanaux. Quant au quartier Aia Piccola (\u00ab\u00a0la petite aire\u00a0\u00bb), il sert encore de quartier d&rsquo;habitation et \u00e9chappe \u00e0 l&rsquo;activit\u00e9 commerciale li\u00e9e au tourisme de masse. (Wikip\u00e9dia)<\/h6>\n<h6>Nous voulons prendre le temps de fl\u00e2ner un peu en ville et prendre le temps de go\u00fbter les sp\u00e9cialit\u00e9s culinaires tant vant\u00e9es sur les publicit\u00e9s du bord de route et c\u2019est ce que nous faisons. Bon\u2026 quand on a gout\u00e9 ces sp\u00e9cialit\u00e9s on se dit qu\u2019ils ont raison de les vanter, sinon ils ne les vendraient pas.<\/h6>\n<h3><\/h3>\n<p><a href=\"#_ftnref2\" name=\"_ftn2\">[2]<\/a> Nous ne sommes pas entr\u00e9s suffisamment dans la ville qui parait-il est tr\u00e8s belle.<\/p>\n<\/div><\/section><\/div><div class=\"flex_column av_one_half  flex_column_div av-zero-column-padding   \" style='border-radius:0px; '><div class='avia-image-container  av-styling-   avia-align-center '  itemscope=\"itemscope\" itemtype=\"https:\/\/schema.org\/ImageObject\"  ><div class='avia-image-container-inner'><img class='avia_image ' src='https:\/\/genevieveetdidier.fr\/wp-content\/uploads\/2018\/01\/69-1-500x375.jpg' alt='' title='Alberobello'   itemprop=\"thumbnailUrl\"  \/><\/div><\/div><\/div>\n\n<div class=\"flex_column av_one_half  flex_column_div av-zero-column-padding first  \" style='border-radius:0px; '><section class=\"av_textblock_section\"  itemscope=\"itemscope\" itemtype=\"https:\/\/schema.org\/CreativeWork\" ><div class='avia_textblock '   itemprop=\"text\" ><h3 style=\"text-align: left;\">ALBEROBELLO \u2013 MARINA DE FERRARE<\/h3>\n<h3 style=\"text-align: left;\">(MASSAFRA) 58 kms<\/h3>\n<p>Nous visitons la ville et en particulier le village des <em>trullis<\/em>, un vrai village, habit\u00e9\u00a0; c\u2019est un peu comme si les gens vivaient dans un mus\u00e9e. Ces maisons de pierre peintes en blanc sont tr\u00e8s exotiques, on ne sait plus si on a franchi la M\u00e9diterran\u00e9e.<\/p>\n<p>Direction la mer, sur des routes o\u00f9 il y a encore beaucoup de <em>trullis<\/em>, par LOCOROTONDO et MARTINA FRANCA. Les 25 derniers kilom\u00e8tres vers MASSAFRA se font sans aucun effort, un peu comme si nous \u00e9tions en mobylette, quasiment sans jamais relancer le moteur. C\u2019est bon la mobylette\u00a0!<\/p>\n<p>Nous nous arr\u00eatons lorsque nous rejoignons la mer. Autant dire que c\u2019\u00e9tait presqu\u2019une journ\u00e9e de repos. Je trouve m\u00eame que c\u2019est plus reposant qu\u2019une journ\u00e9e \u00e0 grimper le V\u00e9suve. C\u2019est de la r\u00e9cup\u00e9ration active dit Genevi\u00e8ve.<\/p>\n<h6><\/h6>\n<\/div><\/section><\/div>\n<div class=\"flex_column av_one_half  flex_column_div av-zero-column-padding   \" style='border-radius:0px; '><div class='avia-image-container  av-styling-   avia-align-center '  itemscope=\"itemscope\" itemtype=\"https:\/\/schema.org\/ImageObject\"  ><div class='avia-image-container-inner'><img class='avia_image ' src='https:\/\/genevieveetdidier.fr\/wp-content\/uploads\/2018\/01\/610-500x369.jpg' alt='' title='Alberobello'   itemprop=\"thumbnailUrl\"  \/><\/div><\/div><\/div>\n<\/div><\/div><\/div><!-- close content main div --><\/div><\/div><div id='av_section_5' class='avia-section main_color avia-section-default avia-no-shadow avia-bg-style-scroll  container_wrap fullsize' style = 'background-color: #d6d6d6; '  ><div class='container' ><div class='template-page content  av-content-full alpha units'><div class='post-entry post-entry-type-page post-entry-514'><div class='entry-content-wrapper clearfix'>\n<div class=\"flex_column av_one_half  flex_column_div av-zero-column-padding first  \" style='border-radius:0px; '><div class='avia-image-container  av-styling-   avia-align-center '  itemscope=\"itemscope\" itemtype=\"https:\/\/schema.org\/ImageObject\"  ><div class='avia-image-container-inner'><img class='avia_image ' src='https:\/\/genevieveetdidier.fr\/wp-content\/uploads\/2018\/02\/pompei13-500x244.jpg' alt='' title='Tarente'   itemprop=\"thumbnailUrl\"  \/><\/div><\/div><\/div><div class=\"flex_column av_one_half  flex_column_div av-zero-column-padding   \" style='border-radius:0px; '><section class=\"av_textblock_section\"  itemscope=\"itemscope\" itemtype=\"https:\/\/schema.org\/CreativeWork\" ><div class='avia_textblock '   itemprop=\"text\" ><p>Nous avons du mal \u00e0 bien savoir le nom de la commune et de la plage o\u00f9 nous sommes, mais nous y sommes et c\u2019est l\u2019essentiel. Disons que c\u2019est un camping au bout du monde, pas tr\u00e8s loin de TARENTE, peut-\u00eatre \u00e0 JONICO ou LIDO AZZURO. Mais ce qui est s\u00fbr c\u2019est qu\u2019il y a des pins, c\u2019est ombrag\u00e9, c\u2019est calme, et les g\u00e9rants sont sympathiques. Il n\u2019y a aucun restaurant \u00e0 moins de quinze kilom\u00e8tres mais le soir, pour nous d\u00e9panner, Maria nous pr\u00e9pare un bon repas, spaghettis, boulettes, <em>salada mista<\/em>, vin blanc \u00e0 volont\u00e9, eau, fruits. Merci Maria\u00a0! C\u2019est super bon.<\/p>\n<h6><em>A Tarente, dans l\u2019extr\u00eame sud italien, la population meurt \u00e0 petit feu depuis un demi si\u00e8cle, dans l\u2019indiff\u00e9rence des autorit\u00e9s. En cause\u00a0: les aci\u00e9ries qui g\u00e9n\u00e8rent une pollution mortelle charg\u00e9e d\u2019amiante, de Co2 et de dioxine. Elles fournissent 10 millions de tonnes d\u2019acier par an, soit la plus grosse production d\u2019Europe. Un syst\u00e8me o\u00f9 les fortunes g\u00e9n\u00e9r\u00e9es pour quelques uns valent bien le sacrifice de quelques milliers d\u2019ouvriers et de riverains. (Bastamag.net)<\/em><\/h6>\n<\/div><\/section><\/div>\n\n","protected":false},"excerpt":{"rendered":"","protected":false},"author":1,"featured_media":0,"parent":406,"menu_order":0,"comment_status":"closed","ping_status":"closed","template":"","meta":{"_monsterinsights_skip_tracking":false,"_monsterinsights_sitenote_active":false,"_monsterinsights_sitenote_note":"","_monsterinsights_sitenote_category":0,"footnotes":""},"class_list":["post-514","page","type-page","status-publish","hentry"],"_links":{"self":[{"href":"https:\/\/genevieveetdidier.fr\/index.php?rest_route=\/wp\/v2\/pages\/514","targetHints":{"allow":["GET"]}}],"collection":[{"href":"https:\/\/genevieveetdidier.fr\/index.php?rest_route=\/wp\/v2\/pages"}],"about":[{"href":"https:\/\/genevieveetdidier.fr\/index.php?rest_route=\/wp\/v2\/types\/page"}],"author":[{"embeddable":true,"href":"https:\/\/genevieveetdidier.fr\/index.php?rest_route=\/wp\/v2\/users\/1"}],"replies":[{"embeddable":true,"href":"https:\/\/genevieveetdidier.fr\/index.php?rest_route=%2Fwp%2Fv2%2Fcomments&post=514"}],"version-history":[{"count":15,"href":"https:\/\/genevieveetdidier.fr\/index.php?rest_route=\/wp\/v2\/pages\/514\/revisions"}],"predecessor-version":[{"id":1186,"href":"https:\/\/genevieveetdidier.fr\/index.php?rest_route=\/wp\/v2\/pages\/514\/revisions\/1186"}],"up":[{"embeddable":true,"href":"https:\/\/genevieveetdidier.fr\/index.php?rest_route=\/wp\/v2\/pages\/406"}],"wp:attachment":[{"href":"https:\/\/genevieveetdidier.fr\/index.php?rest_route=%2Fwp%2Fv2%2Fmedia&parent=514"}],"curies":[{"name":"wp","href":"https:\/\/api.w.org\/{rel}","templated":true}]}}