{"id":3628,"date":"2019-04-11T19:07:17","date_gmt":"2019-04-11T17:07:17","guid":{"rendered":"http:\/\/genevieveetdidier.fr\/?page_id=3628"},"modified":"2020-04-28T14:47:47","modified_gmt":"2020-04-28T12:47:47","slug":"hongrie","status":"publish","type":"page","link":"https:\/\/genevieveetdidier.fr\/?page_id=3628","title":{"rendered":"Hongrie 2018"},"content":{"rendered":"<div class=\"flex_column av_one_full  flex_column_div av-zero-column-padding first  \" style='border-radius:0px; '><section class=\"av_textblock_section\"  itemscope=\"itemscope\" itemtype=\"https:\/\/schema.org\/CreativeWork\" ><div class='avia_textblock '   itemprop=\"text\" ><h1 style=\"text-align: center;\"><span style=\"color: #000080;\">HONGRIE,<\/span><\/h1>\n<h2 style=\"text-align: center;\"><span style=\"color: #000080;\">De Sombor \u00e0 Gyor<\/span><\/h2>\n<\/div><\/section><\/div><section class=\"av_textblock_section\"  itemscope=\"itemscope\" itemtype=\"https:\/\/schema.org\/CreativeWork\" ><div class='avia_textblock '   itemprop=\"text\" ><h2>\u00a0<\/h2>\n<p><!-- \/wp:post-content --><\/p>\n<p><!-- wp:image {\"id\":3638} --><\/p>\n<figure class=\"wp-block-image\"><img loading=\"lazy\" decoding=\"async\" width=\"564\" height=\"442\" class=\"wp-image-3638\" src=\"https:\/\/genevieveetdidier.fr\/wp-content\/uploads\/2019\/04\/Hongrie.jpg\" alt=\"\" srcset=\"https:\/\/genevieveetdidier.fr\/wp-content\/uploads\/2019\/04\/Hongrie.jpg 564w, https:\/\/genevieveetdidier.fr\/wp-content\/uploads\/2019\/04\/Hongrie-500x392.jpg 500w, https:\/\/genevieveetdidier.fr\/wp-content\/uploads\/2019\/04\/Hongrie-450x353.jpg 450w\" sizes=\"auto, (max-width: 564px) 100vw, 564px\" \/><\/figure>\n<p><!-- \/wp:image --><\/p>\n<p><!-- wp:heading {\"level\":3,\"align\":\"center\"} --><\/p>\n<h3 style=\"text-align: center;\">De Sombor \u00e0 Baja, 69 km<\/h3>\n<p><!-- \/wp:heading --><\/p>\n<\/div><\/section><\/p>\r\n<div class=\"flex_column av_one_half  flex_column_div av-zero-column-padding first  \" style='border-radius:0px; '><section class=\"av_textblock_section\"  itemscope=\"itemscope\" itemtype=\"https:\/\/schema.org\/CreativeWork\" ><div class='avia_textblock '   itemprop=\"text\" ><p>Nous avons quitt\u00e9 la Serbie ce matin. Il nous restait quelques dinars mais le bureau de change voulait bien nous donner des dinars contre des euros mais pas le contraire. C&rsquo;est une dr\u00f4le de notion de change.<\/p>\n<p>La fronti\u00e8re s&rsquo;est pass\u00e9e sans probl\u00e8me et notre \u00e9tape \u00e9tait plate. Il fait par contre tr\u00e8s chaud, tr\u00e8s lourd et des orages \u00e9clatent r\u00e9guli\u00e8rement.<\/p>\n<p>Nous sommes dans un camping au bord du Danube et il y a des affiches pour pr\u00e9ciser qu&rsquo;il faut faire attention aux vols. Ce n&rsquo;est pas rassurant!<\/p>\n<\/div><\/section><\/div>\r\n<div class=\"flex_column av_one_half  flex_column_div av-zero-column-padding   \" style='border-radius:0px; '><div class='avia-image-container  av-styling-   avia-align-center '  itemscope=\"itemscope\" itemtype=\"https:\/\/schema.org\/ImageObject\"  ><div class='avia-image-container-inner'><img class='avia_image ' src='https:\/\/genevieveetdidier.fr\/wp-content\/uploads\/2018\/08\/20180801_120724-500x281.jpg' alt='' title='20180801_120724'   itemprop=\"thumbnailUrl\"  \/><\/div><\/div><\/div>\r\n<div class='avia-image-container  av-styling-   avia-align-center '  itemscope=\"itemscope\" itemtype=\"https:\/\/schema.org\/ImageObject\"  ><div class='avia-image-container-inner'><img class='avia_image ' src='https:\/\/genevieveetdidier.fr\/wp-content\/uploads\/2018\/08\/20180801_143031-500x281.jpg' alt='' title='20180801_143031'   itemprop=\"thumbnailUrl\"  \/><\/div><\/div>\r\n<section class=\"av_textblock_section\"  itemscope=\"itemscope\" itemtype=\"https:\/\/schema.org\/CreativeWork\" ><div class='avia_textblock '   itemprop=\"text\" ><p><!-- wp:heading {\"level\":3,\"align\":\"center\"} --><\/p>\n<h3 style=\"text-align: center;\">De Baja \u00e0 Dunaujvaros, 108 km<\/h3>\n<p><!-- \/wp:heading --><\/p>\n<\/div><\/section>\r\n<div class=\"flex_column av_one_half  flex_column_div av-zero-column-padding first  \" style='border-radius:0px; '><section class=\"av_textblock_section\"  itemscope=\"itemscope\" itemtype=\"https:\/\/schema.org\/CreativeWork\" ><div class='avia_textblock '   itemprop=\"text\" ><p>Nous avons continu\u00e9 de traverser notre plaine plate et cultiv\u00e9e. L&rsquo;orage ou plut\u00f4t les orages nous ont accompagn\u00e9s toute la journ\u00e9e.\u00a0 Nous avions rep\u00e9r\u00e9 deux campings \u00e0\u00a0 choisir en fonction de notre forme. En fait ce sont les ponts sur le Danube accessibles aux v\u00e9los qui nous ont d\u00e9termin\u00e9s. Arriv\u00e9s enfin au camping le g\u00e9rant nous a annonc\u00e9s qu&rsquo;il etait complet car il y avait un rassemblement de scouts&#8230;<\/p>\n<\/div><\/section><\/div>\r\n<div class=\"flex_column av_one_half  flex_column_div av-zero-column-padding   \" style='border-radius:0px; '><div class='avia-image-container  av-styling-   avia-align-center '  itemscope=\"itemscope\" itemtype=\"https:\/\/schema.org\/ImageObject\"  ><div class='avia-image-container-inner'><img class='avia_image ' src='https:\/\/genevieveetdidier.fr\/wp-content\/uploads\/2018\/08\/20180802_145834-500x281.jpg' alt='' title='20180802_145834'   itemprop=\"thumbnailUrl\"  \/><\/div><\/div><\/div>\r\n<section class=\"av_textblock_section\"  itemscope=\"itemscope\" itemtype=\"https:\/\/schema.org\/CreativeWork\" ><div class='avia_textblock '   itemprop=\"text\" ><p><!-- wp:heading {\"level\":3,\"align\":\"center\"} --><\/p>\n<h3 style=\"text-align: center;\">De Dunaujvaros \u00e0 Budapest, 86 km<\/h3>\n<p><!-- \/wp:heading -->Tout avait mal commenc\u00e9 ce matin. Apr\u00e8s trois kilom\u00e8tres de c\u00f4te nous avons constat\u00e9 que la route que nous devions prendre \u00e9tait interdite aux v\u00e9los. Nous avons choisi un autre parcours qui nous faisait parcourir 12 kilom\u00e8tres suppl\u00e9mentaires. Cette nouvelle route \u00e9tait tr\u00e8s fr\u00e9quent\u00e9e par les gros poids lourds. Nous guettions dans nos r\u00e9troviseurs et plongions dans le bas c\u00f4t\u00e9 d\u00e8s qu\u2019ils arrivaient.<\/p>\n<p>Nous sommes arriv\u00e9s juste quand le bac partait\u2026 Nous avons attendu\u00a0 le prochain.<\/p>\n<p>Nous avons retrouv\u00e9 une autre route interdite aux v\u00e9los. Nous avons fait fi de la pancarte mais la circulation \u00e9tait tellement intense que nous avons fui sur des chemins de terre. Comme il y a des averses d\u2019orages fr\u00e9quentes les flaques d\u2019eau inondaient le passage. Nous \u00e9tions de plus en plus boueux et fatigu\u00e9s. Nous avons cherch\u00e9 toute la journ\u00e9e l\u2019eurovelo 6 sans succ\u00e8s. Le premier camping choisi \u00e9tait virtuel, le suivant nous a demand\u00e9 20 kilom\u00e8tres de p\u00e9riph\u00e9rique.<\/p>\n<p>Mais au camping nous avons trouv\u00e9 de la bi\u00e8re, une bonne soupe et un groupe musical hongrois. \u00c7a y est ; on est remis.<\/p>\n<p><!-- wp:image {\"id\":2637} --><\/p>\n<figure class=\"wp-block-image\"><img loading=\"lazy\" decoding=\"async\" width=\"1030\" height=\"579\" class=\"wp-image-2637\" src=\"https:\/\/genevieveetdidier.fr\/wp-content\/uploads\/2018\/08\/20180804_081919-1030x579.jpg\" alt=\"\" srcset=\"https:\/\/genevieveetdidier.fr\/wp-content\/uploads\/2018\/08\/20180804_081919-1030x579.jpg 1030w, https:\/\/genevieveetdidier.fr\/wp-content\/uploads\/2018\/08\/20180804_081919-500x281.jpg 500w, https:\/\/genevieveetdidier.fr\/wp-content\/uploads\/2018\/08\/20180804_081919-768x432.jpg 768w, https:\/\/genevieveetdidier.fr\/wp-content\/uploads\/2018\/08\/20180804_081919-1500x844.jpg 1500w, https:\/\/genevieveetdidier.fr\/wp-content\/uploads\/2018\/08\/20180804_081919-705x397.jpg 705w, https:\/\/genevieveetdidier.fr\/wp-content\/uploads\/2018\/08\/20180804_081919-450x253.jpg 450w\" sizes=\"auto, (max-width: 1030px) 100vw, 1030px\" \/><\/figure>\n<p><!-- \/wp:image --><\/p>\n<p><!-- wp:heading {\"level\":3,\"align\":\"center\"} --><\/p>\n<h3 style=\"text-align: center;\">De Budapest \u00e0 Szob, 71 km<\/h3>\n<p><!-- \/wp:heading --><\/p>\n<p><!-- wp:paragraph --><\/p>\n<p>Il est toujours difficile de sortir d&rsquo;une grande ville \u00e0 v\u00e9lo mais cela nous permet d&rsquo;admirer toutes les belles b\u00e2tisses et Budapest en regorge.<\/p>\n<p><!-- \/wp:paragraph --><\/p>\n<p><!-- wp:paragraph {\"align\":\"center\"} --><\/p>\n<p><img loading=\"lazy\" decoding=\"async\" width=\"4128\" height=\"2322\" class=\"wp-image-2650\" src=\"https:\/\/genevieveetdidier.fr\/wp-content\/uploads\/2018\/08\/20180804_085508-1.jpg\" alt=\"\" srcset=\"https:\/\/genevieveetdidier.fr\/wp-content\/uploads\/2018\/08\/20180804_085508-1.jpg 4128w, https:\/\/genevieveetdidier.fr\/wp-content\/uploads\/2018\/08\/20180804_085508-1-500x281.jpg 500w, https:\/\/genevieveetdidier.fr\/wp-content\/uploads\/2018\/08\/20180804_085508-1-768x432.jpg 768w, https:\/\/genevieveetdidier.fr\/wp-content\/uploads\/2018\/08\/20180804_085508-1-1030x579.jpg 1030w, https:\/\/genevieveetdidier.fr\/wp-content\/uploads\/2018\/08\/20180804_085508-1-1500x844.jpg 1500w, https:\/\/genevieveetdidier.fr\/wp-content\/uploads\/2018\/08\/20180804_085508-1-705x397.jpg 705w, https:\/\/genevieveetdidier.fr\/wp-content\/uploads\/2018\/08\/20180804_085508-1-450x253.jpg 450w\" sizes=\"auto, (max-width: 4128px) 100vw, 4128px\" \/><\/p>\n<p><!-- \/wp:paragraph --><\/p>\n<p><!-- wp:paragraph --><\/p>\n<p>Le palais pr\u00e9sidentiel nous avait \u00e9tonn\u00e9s l&rsquo;an dernier avec sa rel\u00e8ve de la garde. Cette ann\u00e9e quelques petites tentes install\u00e9es \u00e0 proximit\u00e9 des gardes nous ont surpris. L&rsquo;objet de cette implantation est de protester contre le sort r\u00e9serv\u00e9 aux immigr\u00e9s.\u00a0 Comment sont-ils autoris\u00e9s ou tol\u00e9r\u00e9s \u00e0 cet endroit ??<\/p>\n<p><!-- \/wp:paragraph --><\/p>\n<p><!-- wp:image {\"id\":2639} --><\/p>\n<figure class=\"wp-block-image\"><img loading=\"lazy\" decoding=\"async\" width=\"4128\" height=\"2322\" class=\"wp-image-2639\" src=\"https:\/\/genevieveetdidier.fr\/wp-content\/uploads\/2018\/08\/20180804_090138.jpg\" alt=\"\" srcset=\"https:\/\/genevieveetdidier.fr\/wp-content\/uploads\/2018\/08\/20180804_090138.jpg 4128w, https:\/\/genevieveetdidier.fr\/wp-content\/uploads\/2018\/08\/20180804_090138-500x281.jpg 500w, https:\/\/genevieveetdidier.fr\/wp-content\/uploads\/2018\/08\/20180804_090138-768x432.jpg 768w, https:\/\/genevieveetdidier.fr\/wp-content\/uploads\/2018\/08\/20180804_090138-1030x579.jpg 1030w, https:\/\/genevieveetdidier.fr\/wp-content\/uploads\/2018\/08\/20180804_090138-1500x844.jpg 1500w, https:\/\/genevieveetdidier.fr\/wp-content\/uploads\/2018\/08\/20180804_090138-705x397.jpg 705w, https:\/\/genevieveetdidier.fr\/wp-content\/uploads\/2018\/08\/20180804_090138-450x253.jpg 450w\" sizes=\"auto, (max-width: 4128px) 100vw, 4128px\" \/><figcaption>Les concombres masqu\u00e9s ont ils aper\u00e7u les tentes ?<\/figcaption><\/figure>\n<p><!-- \/wp:image --><\/p>\n<p><!-- wp:paragraph --><\/p>\n<p>Nous avons assez vite retrouv\u00e9 une piste cyclable le long du Danube et travers\u00e9 quelques villes \u00ab\u00a0station baln\u00e9aire \u00a0\u00bb tr\u00e8s peupl\u00e9es pour le week-end avec cette chaleur.<\/p>\n<p><!-- \/wp:paragraph --><\/p>\n<p><!-- wp:paragraph --><\/p>\n<p><img loading=\"lazy\" decoding=\"async\" width=\"4128\" height=\"2322\" class=\"wp-image-2641\" src=\"https:\/\/genevieveetdidier.fr\/wp-content\/uploads\/2018\/08\/20180804_173616.jpg\" alt=\"\" srcset=\"https:\/\/genevieveetdidier.fr\/wp-content\/uploads\/2018\/08\/20180804_173616.jpg 4128w, https:\/\/genevieveetdidier.fr\/wp-content\/uploads\/2018\/08\/20180804_173616-500x281.jpg 500w, https:\/\/genevieveetdidier.fr\/wp-content\/uploads\/2018\/08\/20180804_173616-768x432.jpg 768w, https:\/\/genevieveetdidier.fr\/wp-content\/uploads\/2018\/08\/20180804_173616-1030x579.jpg 1030w, https:\/\/genevieveetdidier.fr\/wp-content\/uploads\/2018\/08\/20180804_173616-1500x844.jpg 1500w, https:\/\/genevieveetdidier.fr\/wp-content\/uploads\/2018\/08\/20180804_173616-705x397.jpg 705w, https:\/\/genevieveetdidier.fr\/wp-content\/uploads\/2018\/08\/20180804_173616-450x253.jpg 450w\" sizes=\"auto, (max-width: 4128px) 100vw, 4128px\" \/><\/p>\n<p><!-- \/wp:paragraph --><\/p>\n<p><!-- wp:image {\"id\":2647} --><\/p>\n<figure class=\"wp-block-image\"><img loading=\"lazy\" decoding=\"async\" width=\"1030\" height=\"579\" class=\"wp-image-2647\" src=\"https:\/\/genevieveetdidier.fr\/wp-content\/uploads\/2018\/08\/20180804_173510-1030x579.jpg\" alt=\"\" srcset=\"https:\/\/genevieveetdidier.fr\/wp-content\/uploads\/2018\/08\/20180804_173510-1030x579.jpg 1030w, https:\/\/genevieveetdidier.fr\/wp-content\/uploads\/2018\/08\/20180804_173510-500x281.jpg 500w, https:\/\/genevieveetdidier.fr\/wp-content\/uploads\/2018\/08\/20180804_173510-768x432.jpg 768w, https:\/\/genevieveetdidier.fr\/wp-content\/uploads\/2018\/08\/20180804_173510-1500x844.jpg 1500w, https:\/\/genevieveetdidier.fr\/wp-content\/uploads\/2018\/08\/20180804_173510-705x397.jpg 705w, https:\/\/genevieveetdidier.fr\/wp-content\/uploads\/2018\/08\/20180804_173510-450x253.jpg 450w\" sizes=\"auto, (max-width: 1030px) 100vw, 1030px\" \/><\/figure>\n<p><!-- \/wp:image -->Nous nous sommes install\u00e9s au camping de Szob que nous avions appr\u00e9ci\u00e9 l&rsquo;an dernier. Dans le village\u00a0 y a une f\u00eate des v\u00e9los couch\u00e9s avec de dr\u00f4les de sp\u00e9cimens. Demain ce sera repos en admirant le Danube depuis notre banc.<\/p>\n<p><!-- wp:heading {\"level\":3,\"align\":\"center\"} --><\/p>\n<h3 style=\"text-align: center;\">Repos \u00e0 Szob<\/h3>\n<p><!-- \/wp:heading -->Se lever \u00e0 7h30 ! Presque aucune activit\u00e9 physique de la journ\u00e9e si ce n&rsquo;est faire les courses, la lessive, la sieste, manger&#8230; Nous sommes rest\u00e9s assis sur notre banc face au Danube \u00e0 chercher un\u00a0 moyen de transport pour aller de Vienne \u00e0 Metabief avec nos v\u00e9los. Pour l&rsquo;instant nous avons des billets jusque Salzburg.<\/p>\n<p><!-- wp:image {\"id\":2665} --><\/p>\n<figure class=\"wp-block-image\"><img loading=\"lazy\" decoding=\"async\" width=\"1030\" height=\"579\" class=\"wp-image-2665\" src=\"https:\/\/genevieveetdidier.fr\/wp-content\/uploads\/2018\/08\/20180805_202714-1030x579.jpg\" alt=\"\" srcset=\"https:\/\/genevieveetdidier.fr\/wp-content\/uploads\/2018\/08\/20180805_202714-1030x579.jpg 1030w, https:\/\/genevieveetdidier.fr\/wp-content\/uploads\/2018\/08\/20180805_202714-500x281.jpg 500w, https:\/\/genevieveetdidier.fr\/wp-content\/uploads\/2018\/08\/20180805_202714-768x432.jpg 768w, https:\/\/genevieveetdidier.fr\/wp-content\/uploads\/2018\/08\/20180805_202714-1500x844.jpg 1500w, https:\/\/genevieveetdidier.fr\/wp-content\/uploads\/2018\/08\/20180805_202714-705x397.jpg 705w, https:\/\/genevieveetdidier.fr\/wp-content\/uploads\/2018\/08\/20180805_202714-450x253.jpg 450w\" sizes=\"auto, (max-width: 1030px) 100vw, 1030px\" \/><\/figure>\n<p><!-- \/wp:image --><\/p>\n<p><!-- wp:image {\"id\":2659} --><\/p>\n<figure class=\"wp-block-image\"><img loading=\"lazy\" decoding=\"async\" width=\"1030\" height=\"579\" class=\"wp-image-2659\" src=\"https:\/\/genevieveetdidier.fr\/wp-content\/uploads\/2018\/08\/20180805_122137-1030x579.jpg\" alt=\"\" srcset=\"https:\/\/genevieveetdidier.fr\/wp-content\/uploads\/2018\/08\/20180805_122137-1030x579.jpg 1030w, https:\/\/genevieveetdidier.fr\/wp-content\/uploads\/2018\/08\/20180805_122137-500x281.jpg 500w, https:\/\/genevieveetdidier.fr\/wp-content\/uploads\/2018\/08\/20180805_122137-768x432.jpg 768w, https:\/\/genevieveetdidier.fr\/wp-content\/uploads\/2018\/08\/20180805_122137-1500x844.jpg 1500w, https:\/\/genevieveetdidier.fr\/wp-content\/uploads\/2018\/08\/20180805_122137-705x397.jpg 705w, https:\/\/genevieveetdidier.fr\/wp-content\/uploads\/2018\/08\/20180805_122137-450x253.jpg 450w\" sizes=\"auto, (max-width: 1030px) 100vw, 1030px\" \/><\/figure>\n<p><!-- \/wp:image --><\/p>\n<p><!-- wp:heading {\"level\":3,\"align\":\"center\"} --><\/p>\n<h3 style=\"text-align: center;\">De Szob \u00e0 Gyor, 110 km<\/h3>\n<p><!-- \/wp:heading -->Sur l&rsquo;autre rive une famille allemande, les parents et leurs trois enfants qui semblaient \u00e9puis\u00e9s, nous\u00a0 a demand\u00e9 si nous disposions de la carte de l&rsquo;eurovelo 6. Tout le long de la journ\u00e9e lorsque l&rsquo;eurovelo empruntait une route avec de nombreux poids lourds (transportant des v\u00e9hicules Suzuki) sans aucune marge de s\u00e9curit\u00e9 pour rouler ou a contrario lorsque l&rsquo;eurovelo proposait un chemin de terre et que nous nous retrouvions en plein champ sans aucune indication nous pensions \u00e0 ce qu&rsquo;avaient du vivre cette famille habitu\u00e9e \u00e0 un pays o\u00f9 le v\u00e9lo existe vraiment.<\/p>\n<p><!-- wp:image {\"id\":2668} --><\/p>\n<figure class=\"wp-block-image\"><img loading=\"lazy\" decoding=\"async\" width=\"1030\" height=\"579\" class=\"wp-image-2668\" src=\"https:\/\/genevieveetdidier.fr\/wp-content\/uploads\/2018\/08\/20180806_073602-1030x579.jpg\" alt=\"\" srcset=\"https:\/\/genevieveetdidier.fr\/wp-content\/uploads\/2018\/08\/20180806_073602-1030x579.jpg 1030w, https:\/\/genevieveetdidier.fr\/wp-content\/uploads\/2018\/08\/20180806_073602-500x281.jpg 500w, https:\/\/genevieveetdidier.fr\/wp-content\/uploads\/2018\/08\/20180806_073602-768x432.jpg 768w, https:\/\/genevieveetdidier.fr\/wp-content\/uploads\/2018\/08\/20180806_073602-1500x844.jpg 1500w, https:\/\/genevieveetdidier.fr\/wp-content\/uploads\/2018\/08\/20180806_073602-705x397.jpg 705w, https:\/\/genevieveetdidier.fr\/wp-content\/uploads\/2018\/08\/20180806_073602-450x253.jpg 450w\" sizes=\"auto, (max-width: 1030px) 100vw, 1030px\" \/><\/figure>\n<p><!-- \/wp:image -->Nous avions pr\u00e9vu de nous arr\u00eater \u00e0 la station thermale de Komaron. Lorsque l&rsquo;on nous a montr\u00e9 le petit emplacement pour notre tente coinc\u00e9 entre deux campings cars et le prix correspondant nous avons fui vers la ville suivante. C&rsquo;\u00e9tait loin mais cela valait la peine\u00a0 !<\/p>\n<\/div><\/section>","protected":false},"excerpt":{"rendered":"","protected":false},"author":1,"featured_media":0,"parent":390,"menu_order":13,"comment_status":"closed","ping_status":"closed","template":"","meta":{"_monsterinsights_skip_tracking":false,"_monsterinsights_sitenote_active":false,"_monsterinsights_sitenote_note":"","_monsterinsights_sitenote_category":0,"footnotes":""},"class_list":["post-3628","page","type-page","status-publish","hentry"],"_links":{"self":[{"href":"https:\/\/genevieveetdidier.fr\/index.php?rest_route=\/wp\/v2\/pages\/3628","targetHints":{"allow":["GET"]}}],"collection":[{"href":"https:\/\/genevieveetdidier.fr\/index.php?rest_route=\/wp\/v2\/pages"}],"about":[{"href":"https:\/\/genevieveetdidier.fr\/index.php?rest_route=\/wp\/v2\/types\/page"}],"author":[{"embeddable":true,"href":"https:\/\/genevieveetdidier.fr\/index.php?rest_route=\/wp\/v2\/users\/1"}],"replies":[{"embeddable":true,"href":"https:\/\/genevieveetdidier.fr\/index.php?rest_route=%2Fwp%2Fv2%2Fcomments&post=3628"}],"version-history":[{"count":8,"href":"https:\/\/genevieveetdidier.fr\/index.php?rest_route=\/wp\/v2\/pages\/3628\/revisions"}],"predecessor-version":[{"id":5542,"href":"https:\/\/genevieveetdidier.fr\/index.php?rest_route=\/wp\/v2\/pages\/3628\/revisions\/5542"}],"up":[{"embeddable":true,"href":"https:\/\/genevieveetdidier.fr\/index.php?rest_route=\/wp\/v2\/pages\/390"}],"wp:attachment":[{"href":"https:\/\/genevieveetdidier.fr\/index.php?rest_route=%2Fwp%2Fv2%2Fmedia&parent=3628"}],"curies":[{"name":"wp","href":"https:\/\/api.w.org\/{rel}","templated":true}]}}