{"id":3588,"date":"2019-04-10T23:15:48","date_gmt":"2019-04-10T21:15:48","guid":{"rendered":"http:\/\/genevieveetdidier.fr\/?page_id=3588"},"modified":"2020-04-28T14:47:06","modified_gmt":"2020-04-28T12:47:06","slug":"roumanie-de-corabia-a-dobreta-turnu-severin","status":"publish","type":"page","link":"https:\/\/genevieveetdidier.fr\/?page_id=3588","title":{"rendered":"Roumanie, de Corabia \u00e0 Dobreta Turnu Severin"},"content":{"rendered":"<div class=\"flex_column av_one_full  flex_column_div av-zero-column-padding first  \" style='border-radius:0px; '><section class=\"av_textblock_section\"  itemscope=\"itemscope\" itemtype=\"https:\/\/schema.org\/CreativeWork\" ><div class='avia_textblock '   itemprop=\"text\" ><h1 style=\"text-align: center;\"><span style=\"color: #000080;\">ROUMANIE,<\/span><\/h1>\n<h2 style=\"text-align: center;\"><span style=\"color: #000080;\">de Corabia \u00e0 Dobreta Turnu Severin<\/span><\/h2>\n<\/div><\/section><\/div><section class=\"av_textblock_section\"  itemscope=\"itemscope\" itemtype=\"https:\/\/schema.org\/CreativeWork\" ><div class='avia_textblock '   itemprop=\"text\" ><\/p>\n<h2 class=\"wp-block-heading\">\u00a0<\/h2>\n<figure class=\"wp-block-image\"><img loading=\"lazy\" decoding=\"async\" width=\"634\" height=\"477\" class=\"wp-image-3589\" src=\"https:\/\/genevieveetdidier.fr\/wp-content\/uploads\/2019\/04\/Roumanie-1.jpg\" alt=\"\" srcset=\"https:\/\/genevieveetdidier.fr\/wp-content\/uploads\/2019\/04\/Roumanie-1.jpg 634w, https:\/\/genevieveetdidier.fr\/wp-content\/uploads\/2019\/04\/Roumanie-1-500x376.jpg 500w, https:\/\/genevieveetdidier.fr\/wp-content\/uploads\/2019\/04\/Roumanie-1-450x339.jpg 450w\" sizes=\"auto, (max-width: 634px) 100vw, 634px\" \/><\/figure>\n<h3 class=\"wp-block-heading\" style=\"text-align: center;\">De Corabia \u00e0 Craiova, 102 km<\/h3>\n<p><\/p>\n<\/div><\/section><\/p>\r\n<div class=\"flex_column av_one_half  flex_column_div av-zero-column-padding first  \" style='border-radius:0px; '><section class=\"av_textblock_section\"  itemscope=\"itemscope\" itemtype=\"https:\/\/schema.org\/CreativeWork\" ><div class='avia_textblock '   itemprop=\"text\" ><p>Les campings sont inexistants dans cette zone de la Roumanie et comme ce n&rsquo;est pas non plus une r\u00e9gion touristique il y a peu d&rsquo;h\u00e9bergements chez l&rsquo;habitant ou d&rsquo;h\u00f4tels en dehors des villes. Nous savions donc qu&rsquo;il nous fallait parcourir 100 kilom\u00e8tres pour atteindre une ville. Comme le sud de la Roumanie est plat ce n&rsquo;est pas une difficult\u00e9 insurmontable. Nous avons travers\u00e9 des villages fleuris. Les devantures des maisons sont soign\u00e9es ; certains d\u00e9corent avec un jardin potager. On trouve \u00e9galement plein de paysans qui vendent leurs l\u00e9gumes sur le bord de la route, essentiellement des past\u00e8ques, des aubergines, des tomates, de l&rsquo;ail et des pommes de terre.<\/p>\n<p>Cela faisait longtemps que l&rsquo;on avait plut\u00f4t chaud et bien cela a chang\u00e9 aujourd&rsquo;hui. Nous avons re\u00e7u une averse qui a dur\u00e9 une bonne partie de la journ\u00e9e. Cela nous arrange bien ce soir de ne pas \u00eatre au camping!<\/p>\n<\/div><\/section><\/div>\r\n<div class=\"flex_column av_one_half  flex_column_div av-zero-column-padding   \" style='border-radius:0px; '><p><div class='avia-image-container  av-styling-   avia-align-center '  itemscope=\"itemscope\" itemtype=\"https:\/\/schema.org\/ImageObject\"  ><div class='avia-image-container-inner'><img class='avia_image ' src='https:\/\/genevieveetdidier.fr\/wp-content\/uploads\/2018\/07\/GOPR3929-500x375.jpg' alt='' title='Roumanie 1'   itemprop=\"thumbnailUrl\"  \/><\/div><\/div><br \/>\n<section class=\"av_textblock_section\"  itemscope=\"itemscope\" itemtype=\"https:\/\/schema.org\/CreativeWork\" ><div class='avia_textblock '   itemprop=\"text\" ><p>Didier sous sa cape, la Roumaine pieds nus.<\/p>\n<\/div><\/section><\/p><\/div>\r\n<section class=\"av_textblock_section\"  itemscope=\"itemscope\" itemtype=\"https:\/\/schema.org\/CreativeWork\" ><div class='avia_textblock '   itemprop=\"text\" ><\/p>\n<h3 class=\"wp-block-heading\" style=\"text-align: center;\">De Craiova \u00e0 Dobreta Turnu Severin, 115 km<\/h3>\n<p><\/p>\n<\/div><\/section>\r\n<div class=\"flex_column av_one_half  flex_column_div av-zero-column-padding first  \" style='border-radius:0px; '><section class=\"av_textblock_section\"  itemscope=\"itemscope\" itemtype=\"https:\/\/schema.org\/CreativeWork\" ><div class='avia_textblock '   itemprop=\"text\" ><p>Comme nous \u00e9vitons les routes passag\u00e8res nous savions que l&rsquo;\u00e9tape serait longue mais nous ne savions pas que nous devrions p\u00e9daler pendant\u00a0 45 kilom\u00e8tres sur des chemins de gravillons ou boueux avec m\u00eame des pentes \u00e0 7% .<\/p>\n<p>Nous avons ainsi d\u00e9couvert des villages de \u00ab\u00a0bout du monde \u00a0\u00bb o\u00f9 les seules voitures qui passent sont celles du facteur et peut \u00eatre celles de la police. La vie doit \u00eatre plut\u00f4t tranquille quand les seuls bruits de v\u00e9hicules sont ceux de charrettes tir\u00e9es par des chevaux ou des \u00e2nes.<\/p>\n<p>Les villages s&rsquo;\u00e9tendent le long d&rsquo;une route principale, chaque maison \u00e9tant soigneusement prot\u00e9g\u00e9e des regards par des palissades en bois ou en ciment. A chaque entr\u00e9e sont install\u00e9s c\u00f4t\u00e9 rue deux bancs parall\u00e8les o\u00f9 les anciens regardent la vie passer.<\/p>\n<\/div><\/section><\/div>\r\n<div class=\"flex_column av_one_half  flex_column_div av-zero-column-padding   \" style='border-radius:0px; '><div class='avia-image-container  av-styling-   avia-align-center '  itemscope=\"itemscope\" itemtype=\"https:\/\/schema.org\/ImageObject\"  ><div class='avia-image-container-inner'><img class='avia_image ' src='https:\/\/genevieveetdidier.fr\/wp-content\/uploads\/2018\/07\/Roumanie-2-500x307.jpg' alt='' title='Roumanie 2'   itemprop=\"thumbnailUrl\"  \/><\/div><\/div><\/div>\r\n<section class=\"av_textblock_section\"  itemscope=\"itemscope\" itemtype=\"https:\/\/schema.org\/CreativeWork\" ><div class='avia_textblock '   itemprop=\"text\" ><\/p>\n<h3 class=\"wp-block-heading\" style=\"text-align: center;\">Visite de Dobreta Turnu Severin<\/h3>\n<p><\/p>\n<\/div><\/section>\r\n<section class=\"av_textblock_section\"  itemscope=\"itemscope\" itemtype=\"https:\/\/schema.org\/CreativeWork\" ><div class='avia_textblock '   itemprop=\"text\" ><\/div><\/section>\r\n<div class=\"flex_column av_one_full  flex_column_div av-zero-column-padding first  \" style='border-radius:0px; '><section class=\"av_textblock_section\"  itemscope=\"itemscope\" itemtype=\"https:\/\/schema.org\/CreativeWork\" ><div class='avia_textblock '   itemprop=\"text\" ><p>Une petite journ\u00e9e tranquille avant d&rsquo;admirer les \u00ab\u00a0Portes de fer\u00a0\u00bb.<\/p>\n<p>Dobreta est une ville \u00e9clectique. Nous nous sommes promen\u00e9s dans des ruines romaines et m\u00e9di\u00e9vales situ\u00e9es sur le bord du Danube. Dans un des grands parcs o\u00f9 la nature sauvage peut s&rsquo;exprimer nous avons trouv\u00e9 le monument aux victimes du communisme.<\/p>\n<p>Un grand th\u00e9\u00e2tre construit par des Fran\u00e7ais\u00a0 au d\u00e9but du vingti\u00e8me si\u00e8cle est utilis\u00e9 comme centre culturel ; une jeune peintre roumaine entrain de travailler nous a pr\u00e9sent\u00e9 l&rsquo;exposition de\u00a0<strong><span lang=\"EN-US\">Augustin R<\/span><\/strong><strong>\u0103zvan Radu\u00a0<\/strong>sur la s\u00e9curit\u00e9 a\u00e9rienne.<\/p>\n<p>La ville est anim\u00e9e avec ses nombreux commerces, son march\u00e9\u00a0 et ses petits marchands de coin de rue. Il y en a m\u00eame un qui vendait des bretzels.<\/p>\n<\/div><\/section><\/div>\r\n<div class=\"flex_column av_one_full  flex_column_div av-zero-column-padding first  \" style='border-radius:0px; '><p><div class='avia-image-container  av-styling-   avia-align-center '  itemscope=\"itemscope\" itemtype=\"https:\/\/schema.org\/ImageObject\"  ><div class='avia-image-container-inner'><img class='avia_image ' src='https:\/\/genevieveetdidier.fr\/wp-content\/uploads\/2018\/07\/20180725_101539-500x281.jpg' alt='' title='20180725_101539'   itemprop=\"thumbnailUrl\"  \/><\/div><\/div><br \/>\n<section class=\"av_textblock_section\"  itemscope=\"itemscope\" itemtype=\"https:\/\/schema.org\/CreativeWork\" ><div class='avia_textblock '   itemprop=\"text\" ><p>Monument aux victimes du communisme<\/p>\n<\/div><\/section><\/p><\/div>","protected":false},"excerpt":{"rendered":"","protected":false},"author":1,"featured_media":2537,"parent":390,"menu_order":11,"comment_status":"closed","ping_status":"closed","template":"","meta":{"_monsterinsights_skip_tracking":false,"_monsterinsights_sitenote_active":false,"_monsterinsights_sitenote_note":"","_monsterinsights_sitenote_category":0,"footnotes":""},"class_list":["post-3588","page","type-page","status-publish","has-post-thumbnail","hentry"],"_links":{"self":[{"href":"https:\/\/genevieveetdidier.fr\/index.php?rest_route=\/wp\/v2\/pages\/3588","targetHints":{"allow":["GET"]}}],"collection":[{"href":"https:\/\/genevieveetdidier.fr\/index.php?rest_route=\/wp\/v2\/pages"}],"about":[{"href":"https:\/\/genevieveetdidier.fr\/index.php?rest_route=\/wp\/v2\/types\/page"}],"author":[{"embeddable":true,"href":"https:\/\/genevieveetdidier.fr\/index.php?rest_route=\/wp\/v2\/users\/1"}],"replies":[{"embeddable":true,"href":"https:\/\/genevieveetdidier.fr\/index.php?rest_route=%2Fwp%2Fv2%2Fcomments&post=3588"}],"version-history":[{"count":5,"href":"https:\/\/genevieveetdidier.fr\/index.php?rest_route=\/wp\/v2\/pages\/3588\/revisions"}],"predecessor-version":[{"id":5321,"href":"https:\/\/genevieveetdidier.fr\/index.php?rest_route=\/wp\/v2\/pages\/3588\/revisions\/5321"}],"up":[{"embeddable":true,"href":"https:\/\/genevieveetdidier.fr\/index.php?rest_route=\/wp\/v2\/pages\/390"}],"wp:featuredmedia":[{"embeddable":true,"href":"https:\/\/genevieveetdidier.fr\/index.php?rest_route=\/wp\/v2\/media\/2537"}],"wp:attachment":[{"href":"https:\/\/genevieveetdidier.fr\/index.php?rest_route=%2Fwp%2Fv2%2Fmedia&parent=3588"}],"curies":[{"name":"wp","href":"https:\/\/api.w.org\/{rel}","templated":true}]}}