{"id":1645,"date":"2018-04-20T15:45:56","date_gmt":"2018-04-20T13:45:56","guid":{"rendered":"http:\/\/genevieveetdidier.fr\/?page_id=1645"},"modified":"2020-03-24T17:00:53","modified_gmt":"2020-03-24T16:00:53","slug":"de-boursonne-a-domfront","status":"publish","type":"page","link":"https:\/\/genevieveetdidier.fr\/?page_id=1645","title":{"rendered":"De Boursonne \u00e0 Domfront"},"content":{"rendered":"<div class=\"flex_column av_one_third  flex_column_div av-zero-column-padding first  \" style='border-radius:0px; '><section class=\"av_textblock_section\"  itemscope=\"itemscope\" itemtype=\"https:\/\/schema.org\/CreativeWork\" ><div class='avia_textblock '   itemprop=\"text\" ><h2>De Boursonne \u00e0 Domfront<\/h2>\n<h2>Du 2 au 9 octobre 2017<\/h2>\n<\/div><\/section><\/div>\n<div class=\"flex_column av_two_fifth  flex_column_div av-zero-column-padding   \" style='border-radius:0px; '><div class='avia-image-container  av-styling-   avia-align-center '  itemscope=\"itemscope\" itemtype=\"https:\/\/schema.org\/ImageObject\"  ><div class='avia-image-container-inner'><img class='avia_image ' src='https:\/\/genevieveetdidier.fr\/wp-content\/uploads\/2018\/04\/carte26-500x308.jpg' alt='' title='carte26'   itemprop=\"thumbnailUrl\"  \/><\/div><\/div><\/div>\n<div class=\"flex_column av_one_fourth  flex_column_div av-zero-column-padding   \" style='border-radius:0px; '><p><div class='avia-button-wrap avia-button-center '><a href='https:\/\/genevieveetdidier.fr\/?page_id=1627' class='avia-button  avia-icon_select-yes-left-icon avia-color-teal avia-size-small avia-position-center '   ><span class='avia_button_icon avia_button_icon_left ' aria-hidden='true' data-av_icon='\ue800' data-av_iconfont='entypo-fontello'><\/span><span class='avia_iconbox_title' >Etape pr\u00e9c\u00e9dente<\/span><\/a><\/div><br \/>\n<div class='avia-button-wrap avia-button-center '><a href='https:\/\/genevieveetdidier.fr\/?page_id=1675' class='avia-button  avia-icon_select-yes-left-icon avia-color-teal avia-size-small avia-position-center '   ><span class='avia_button_icon avia_button_icon_left ' aria-hidden='true' data-av_icon='\ue800' data-av_iconfont='entypo-fontello'><\/span><span class='avia_iconbox_title' >Etape suivante<\/span><\/a><\/div><br \/>\n<div  class='hr hr-default '><span class='hr-inner ' ><span class='hr-inner-style'><\/span><\/span><\/div><\/p><\/div><div class=\"flex_column av_one_half  flex_column_div av-zero-column-padding first  \" style='border-radius:0px; '><section class=\"av_textblock_section\"  itemscope=\"itemscope\" itemtype=\"https:\/\/schema.org\/CreativeWork\" ><div class='avia_textblock '   itemprop=\"text\" ><h3>BOURSONNE \u2013 SAINT LEU D\u2019ESSERENT 60 kms<\/h3>\n<p>La difficult\u00e9 du jour a \u00e9t\u00e9 non pas de quitter BOURSONNE mais de rejoindre CREPY-EN-VALOIS. La RN2 est en travaux et nous n\u2019avons pas r\u00e9ussi \u00e0 la traverser pour aller \u00e0 VAUMOISE\u00a0; nous connaissons pourtant bien la r\u00e9gion. Nous avons gal\u00e9r\u00e9 dans la for\u00eat, sur les chemins de sable, \u00e0 pousser nos v\u00e9los et il nous a fallu deux heures pour aller \u00e0 CREPY (12 kms\u00a0!).<\/p>\n<p>La suite a \u00e9t\u00e9 plus sereine malgr\u00e9 le vent de face. Quelle id\u00e9e de vouloir encore aller vers l\u2019Ouest\u00a0!<\/p>\n<p>SENLIS, ville natale d\u2019un penseur \u00e0 v\u00e9lo, CHANTILLY et son magnifique ch\u00e2teau, la for\u00eat, tout est tr\u00e8s beau sauf le temps.<\/p>\n<\/div><\/section><\/div><\/p>\n<div class=\"flex_column av_one_half  flex_column_div av-zero-column-padding   \" style='border-radius:0px; '><div class='avia-image-container  av-styling-   avia-align-center '  itemscope=\"itemscope\" itemtype=\"https:\/\/schema.org\/ImageObject\"  ><div class='avia-image-container-inner'><img class='avia_image ' src='https:\/\/genevieveetdidier.fr\/wp-content\/uploads\/2018\/04\/F8.jpg' alt='' title='Ch\u00e2teau de Chantilly'   itemprop=\"thumbnailUrl\"  \/><\/div><\/div><\/div>\n<div class=\"flex_column av_one_third  flex_column_div av-zero-column-padding first  \" style='border-radius:0px; '><section class=\"av_textblock_section\"  itemscope=\"itemscope\" itemtype=\"https:\/\/schema.org\/CreativeWork\" ><div class='avia_textblock '   itemprop=\"text\" ><p>Nous nous arr\u00eatons \u00e0 SAINT LEU o\u00f9 il y a un beau camping. Apr\u00e8s quatre jours de \u00ab\u00a0repos\u00a0\u00bb \u00e0 BOURSONNE, nous avons besoin de repos.<\/p>\n<h6><em>L&rsquo;<strong>\u00e9glise Saint-Nicolas<\/strong> est une \u00e9glise de styles <\/em><em>roman et gothique situ\u00e9e sur la commune de Saint-Leu-d\u2019Esserent. C&rsquo;est une ancienne \u00e9glise prieurale, b\u00e2tie entre le milieu du <\/em><em>xii<\/em><em><sup>e<\/sup><\/em><em>si\u00e8cle et le premier quart du <\/em><em>xiii<\/em><em><sup>e<\/sup><\/em><em>si\u00e8cle pour les moines du <\/em><em>prieur\u00e9 clunisien de Saint-Leu. Par sa position en limite d&rsquo;un plateau, elle domine la ville et une partie de la vall\u00e9e de l&rsquo;Oise, et sa silhouette caract\u00e9ristique est visible de loin. Le massif occidental est encore de style roman\u00a0; achev\u00e9 vers 1150, il correspond \u00e0 un projet de reconstruction moins ambitieux finalement abandonn\u00e9. Quelques ann\u00e9es plus tard seulement, la construction de l&rsquo;\u00e9glise gothique actuelle commence par l&rsquo;abside vers 1160, et se poursuit par le ch\u0153ur et la nef, termin\u00e9s entre 1190 et 1210 environ. L&rsquo;\u00e9difice frappe par ses dimensions imposantes, proches de celles d&rsquo;une cath\u00e9drale. La puret\u00e9 de son architecture est remarquable, aucun remaniement important n&rsquo;ayant jamais \u00e9t\u00e9 entrepris avant les restaurations \u00e0 la suite du classement pr\u00e9coce aux monuments historiques en 1840. <\/em><\/h6>\n<p>Le soir nous n\u2019avons gu\u00e8re le choix et nous reprenons notre r\u00e9gime pizza. La nuit nous reprenons notre r\u00e9gime pluie.<\/p>\n<\/div><\/section><\/div>\n<div class=\"flex_column av_two_third  flex_column_div av-zero-column-padding   \" style='border-radius:0px; '><div class='avia-image-container  av-styling-   avia-align-center '  itemscope=\"itemscope\" itemtype=\"https:\/\/schema.org\/ImageObject\"  ><div class='avia-image-container-inner'><img class='avia_image ' src='https:\/\/genevieveetdidier.fr\/wp-content\/uploads\/2018\/04\/F9-500x372.jpg' alt='' title='Eglise Saint Nicolas'   itemprop=\"thumbnailUrl\"  \/><\/div><\/div><\/div>\n<\/div><\/div><\/div><!-- close content main div --><\/div><\/div><div id='av_section_1' class='avia-section main_color avia-section-default avia-no-shadow avia-bg-style-scroll  container_wrap fullsize'   ><div class='container' ><div class='template-page content  av-content-full alpha units'><div class='post-entry post-entry-type-page post-entry-1645'><div class='entry-content-wrapper clearfix'>\n<div class=\"flex_column av_one_half  flex_column_div av-zero-column-padding first  \" style='border-radius:0px; '><section class=\"av_textblock_section\"  itemscope=\"itemscope\" itemtype=\"https:\/\/schema.org\/CreativeWork\" ><div class='avia_textblock '   itemprop=\"text\" ><h3>SAINT LEU D\u2019ESSERENT \u2013 LES ANDELYS 94 kms<\/h3>\n<p>Apr\u00e8s la pluie vient le beau temps mais il ne fait pas chaud du tout. Nous avons quitt\u00e9 les zones foresti\u00e8res et nous faisons beaucoup de kilom\u00e8tres pas tr\u00e8s sexy, face au vent, mais il y a quand m\u00eame de petites perles, la belle \u00e9glise de CHAUMONT EN VEXIN par exemple, ou encore la belle et d\u00e9j\u00e0 tr\u00e8s normande petite ville de GISORS. Il y a l\u00e0 une piste cyclable qui descend directement vers GIVERNY mais nous pr\u00e9f\u00e9rons poursuivre un peu vers l\u2019Ouest pour aller aux ANDELYS.<\/p>\n<p>Le camping est bien situ\u00e9, aux pieds du ch\u00e2teau, et nous pouvons assister au balai des p\u00e9niches sur la Seine. Le soir nous trouvons un tr\u00e8s bon restaurant, le <em>Mistral<\/em>, nous \u00e9chappons aux pizzas et \u00e0 la pluie\u00a0: on s\u00e8che.<\/p>\n<\/div><\/section><\/div><div class=\"flex_column av_one_half  flex_column_div av-zero-column-padding   \" style='border-radius:0px; '><p><div class='avia-image-container  av-styling-   avia-align-center '  itemscope=\"itemscope\" itemtype=\"https:\/\/schema.org\/ImageObject\"  ><div class='avia-image-container-inner'><img class='avia_image ' src='https:\/\/genevieveetdidier.fr\/wp-content\/uploads\/2018\/04\/F12-500x433.jpg' alt='' title='Chateau Gaillard'   itemprop=\"thumbnailUrl\"  \/><\/div><\/div><br \/>\n<section class=\"av_textblock_section\"  itemscope=\"itemscope\" itemtype=\"https:\/\/schema.org\/CreativeWork\" ><div class='avia_textblock '   itemprop=\"text\" ><p style=\"text-align: center;\"><em>Ch\u00e2teau Gaillard (le camping est en bas, \u00e0 gauche, au bord de la Seine)<\/em><\/p>\n<\/div><\/section><\/p><\/div><div class=\"flex_column av_one_half  flex_column_div av-zero-column-padding first  \" style='border-radius:0px; '><div class='avia-image-container  av-styling-   avia-align-center '  itemscope=\"itemscope\" itemtype=\"https:\/\/schema.org\/ImageObject\"  ><div class='avia-image-container-inner'><img class='avia_image ' src='https:\/\/genevieveetdidier.fr\/wp-content\/uploads\/2018\/04\/F10-500x375.jpg' alt='' title='Ch\u00e2teau Gaillard : le camping'   itemprop=\"thumbnailUrl\"  \/><\/div><\/div><\/div><div class=\"flex_column av_one_half  flex_column_div av-zero-column-padding   \" style='border-radius:0px; '><div class='avia-image-container  av-styling-   avia-align-center '  itemscope=\"itemscope\" itemtype=\"https:\/\/schema.org\/ImageObject\"  ><div class='avia-image-container-inner'><img class='avia_image ' src='https:\/\/genevieveetdidier.fr\/wp-content\/uploads\/2018\/04\/F11.jpg' alt='' title='Ch\u00e2teau Gaillard'   itemprop=\"thumbnailUrl\"  \/><\/div><\/div><\/div>\n\n<div class=\"flex_column av_one_half  flex_column_div av-zero-column-padding first  \" style='border-radius:0px; '><section class=\"av_textblock_section\"  itemscope=\"itemscope\" itemtype=\"https:\/\/schema.org\/CreativeWork\" ><div class='avia_textblock '   itemprop=\"text\" ><h3>LES ANDELYS \u2013 ANET 62 kms<\/h3>\n<p>Il a beau ne pas pleuvoir, au petit matin tout est tremp\u00e9. Tant pis, on replie. Le programme de la journ\u00e9e est charg\u00e9, et ce sera effectivement une tr\u00e8s belle journ\u00e9e, compl\u00e8te \u00e0 tous points de vue.<\/p>\n<p>Nous avons pass\u00e9 un long moment \u00e0 GIVERNY\u00a0: quel plaisir\u00a0! La maison de Monet n\u2019a rien d\u2019un ch\u00e2teau mais elle est tr\u00e8s agr\u00e9able. Quant au jardin, il est d\u2019une richesse florale in\u00e9galable et l\u2019ensemble est compos\u00e9 avec des perspectives de couleurs qui sont superbes. En plus il faisait beau et il \u2018y avait pas trop de monde. M\u00eame les nymph\u00e9as \u00e9taient abordables. Ensuite nous avons visit\u00e9 le mus\u00e9e des impressionnistes qui consacrait une exposition \u00e0 Henri Manguin, le \u00ab\u00a0peintre de la volupt\u00e9\u00a0\u00bb, un impressionniste \u00e0 l\u2019origine du fauvisme, tr\u00e8s int\u00e9ressant \u00e0 d\u00e9couvrir.<\/p>\n<\/div><\/section><\/div>\n<div class=\"flex_column av_one_half  flex_column_div av-zero-column-padding   \" style='border-radius:0px; '><div class='avia-image-container  av-styling-   avia-align-center '  itemscope=\"itemscope\" itemtype=\"https:\/\/schema.org\/ImageObject\"  ><div class='avia-image-container-inner'><img class='avia_image ' src='https:\/\/genevieveetdidier.fr\/wp-content\/uploads\/2018\/04\/F14-500x375.jpg' alt='' title='Giverny'   itemprop=\"thumbnailUrl\"  \/><\/div><\/div><\/div>\n<div class=\"flex_column av_one_half  flex_column_div av-zero-column-padding first  \" style='border-radius:0px; '><div class='avia-image-container  av-styling-   avia-align-center '  itemscope=\"itemscope\" itemtype=\"https:\/\/schema.org\/ImageObject\"  ><div class='avia-image-container-inner'><img class='avia_image ' src='https:\/\/genevieveetdidier.fr\/wp-content\/uploads\/2018\/04\/F15-500x375.jpg' alt='' title='Giverny'   itemprop=\"thumbnailUrl\"  \/><\/div><\/div><\/div>\n<div class=\"flex_column av_one_half  flex_column_div av-zero-column-padding   \" style='border-radius:0px; '><div class='avia-image-container  av-styling-   avia-align-center '  itemscope=\"itemscope\" itemtype=\"https:\/\/schema.org\/ImageObject\"  ><div class='avia-image-container-inner'><img class='avia_image ' src='https:\/\/genevieveetdidier.fr\/wp-content\/uploads\/2018\/04\/F16-500x361.jpg' alt='' title='Giverny'   itemprop=\"thumbnailUrl\"  \/><\/div><\/div><\/div>\n<\/div><\/div><\/div><!-- close content main div --><\/div><\/div><div id='av_section_2' class='avia-section main_color avia-section-default avia-no-shadow avia-full-stretch avia-bg-style-fixed  av-minimum-height av-minimum-height-75 container_wrap fullsize' style = 'background-repeat: no-repeat; background-image: url(https:\/\/genevieveetdidier.fr\/wp-content\/uploads\/2018\/04\/F13.jpg); background-attachment: fixed; background-position: center center; ' data-section-bg-repeat='stretch' ><div class='container' ><div class='template-page content  av-content-full alpha units'><div class='post-entry post-entry-type-page post-entry-1645'><div class='entry-content-wrapper clearfix'>\n<div class=\"flex_column av_two_fifth  flex_column_div av-zero-column-padding first  \" style='border-radius:0px; '><section class=\"av_textblock_section\"  itemscope=\"itemscope\" itemtype=\"https:\/\/schema.org\/CreativeWork\" ><div class='avia_textblock '   itemprop=\"text\" ><p>Sur un plan cycliste la journ\u00e9e a aussi \u00e9t\u00e9 parfaite. Nous sommes partis vers le Sud et nous avons travers\u00e9 la Seine \u00e0 BONNIERES. Nous avons eu l\u00e0 quelques chemins tr\u00e8s pentus, dans les bois, au calme, puis des petites routes tranquilles avant de rattraper une piste cyclable le long de l\u2019Eure.<\/p>\n<p>Nous nous arr\u00eatons au camping d\u2019ANET (prononcer Annette) o\u00f9 il y a un ch\u00e2teau bien connu des cruciverbistes. Nous campons au bord de l\u2019eau, et m\u00eame si c\u2019est encore tr\u00e8s humide et assez froid, nous y sommes bien.<\/p>\n<p>Le soir nous mangeons dans un agr\u00e9able petit resto italien, <em>il Castillo<\/em>, qui propose bien d\u2019autres choses que des pizzas\u00a0: ouf\u00a0!<\/p>\n<\/div><\/section><\/div>\n<div class=\"flex_column av_three_fifth  flex_column_div av-zero-column-padding   \" style='border-radius:0px; '><div class='avia-image-container  av-styling-   avia-align-center '  itemscope=\"itemscope\" itemtype=\"https:\/\/schema.org\/ImageObject\"  ><div class='avia-image-container-inner'><img class='avia_image ' src='https:\/\/genevieveetdidier.fr\/wp-content\/uploads\/2018\/04\/F17.jpg' alt='' title='Anet'   itemprop=\"thumbnailUrl\"  \/><\/div><\/div><\/div>\n<div class=\"flex_column av_one_full  flex_column_div av-zero-column-padding first  \" style='border-radius:0px; '><section class=\"av_textblock_section\"  itemscope=\"itemscope\" itemtype=\"https:\/\/schema.org\/CreativeWork\" ><div class='avia_textblock '   itemprop=\"text\" ><h3>ANET \u2013 CHARTRES 75 kms<\/h3>\n<p>Parcours agr\u00e9able, principalement en suivant la vall\u00e9e de l\u2019Eure, d\u2019abord sur une piste (qui s\u2019arr\u00eate \u00e0 la limite du d\u00e9partement de l\u2019Eure) puis sur de belles petites routes, en passant par DREUX, NOGENT LE ROI, MAINTENON etc. Le ciel \u00e9tait bien charg\u00e9 mais nous avons r\u00e9ussi \u00e0 planter la tente sans averses.<\/p>\n<p>La cath\u00e9drale de CHARTRES est toujours aussi majestueuse. Les sculptures sont en cours de rafra\u00eechissement et elles sont superbes. Il pleut bien lorsque nous sortons et nous n\u2019avons qu\u2019\u00e0 nous r\u00e9fugier dans une belle cr\u00eaperie moyen\u00e2geuse, <em>les Trois Lys<\/em>, avant de faire un petit tour dans CHARTRES by night, illumin\u00e9 par de belles cr\u00e9ations artistiques.<\/p>\n<\/div><\/section><\/div>\n<div class=\"flex_column av_one_half  flex_column_div av-zero-column-padding first  \" style='border-radius:0px; '><div class='avia-image-container  av-styling-   avia-align-center '  itemscope=\"itemscope\" itemtype=\"https:\/\/schema.org\/ImageObject\"  ><div class='avia-image-container-inner'><img class='avia_image ' src='https:\/\/genevieveetdidier.fr\/wp-content\/uploads\/2018\/04\/F19-500x374.jpg' alt='' title='Chartres by night'   itemprop=\"thumbnailUrl\"  \/><\/div><\/div><\/div>\n<div class=\"flex_column av_one_half  flex_column_div av-zero-column-padding   \" style='border-radius:0px; '><div class='avia-image-container  av-styling-   avia-align-center '  itemscope=\"itemscope\" itemtype=\"https:\/\/schema.org\/ImageObject\"  ><div class='avia-image-container-inner'><img class='avia_image ' src='https:\/\/genevieveetdidier.fr\/wp-content\/uploads\/2018\/04\/F18.jpg' alt='' title='Cath\u00e9drale de Chartres'   itemprop=\"thumbnailUrl\"  \/><\/div><\/div><\/div>\n<\/div><\/div><\/div><!-- close content main div --><\/div><\/div><div id='av_section_3' class='avia-section main_color avia-section-default avia-no-shadow avia-bg-style-scroll  container_wrap fullsize'   ><div class='container' ><div class='template-page content  av-content-full alpha units'><div class='post-entry post-entry-type-page post-entry-1645'><div class='entry-content-wrapper clearfix'>\n<div class=\"flex_column av_three_fourth  flex_column_div av-zero-column-padding first  \" style='border-radius:0px; '><section class=\"av_textblock_section\"  itemscope=\"itemscope\" itemtype=\"https:\/\/schema.org\/CreativeWork\" ><div class='avia_textblock '   itemprop=\"text\" ><h3>CHARTRES \u2013 BRUNELLES 66 kms<\/h3>\n<p>Nous restons quelque peu sur l\u2019Eure puis nous montons dans l\u2019immense plaine de la Beauce, si bien chant\u00e9e par P\u00e9guy (il chantait\u00a0?). Nous passons aussi \u00e0 COMBRAY, la c\u00e9l\u00e8bre ville de Marcel Proust. Nous y mangeons, sans y perdre trop de temps et nous reprenons la piste Paris-le Mont Saint Michel (la <em>V\u00e9losc\u00e9nie<\/em>) que nous suivons jusque THIRON. L\u00e0 nous bifurquons un peu pour rejoindre un camping (<em>le Bois Jahan<\/em>) perdu dans la campagne et on ne peut plus calme. La vue y est grandiose et nous avons m\u00eame droit \u00e0 un beau coucher de soleil. Oui, le soleil est revenu, mais pas la chaleur.<\/p>\n<p>Nous sommes non-loin de NOGENT LE ROTROU, mais trop loin pour avoir le courage d\u2019y chercher un restaurant. Nous mangeons sous la tente mais il fait tr\u00e8s froid.<\/p>\n<\/div><\/section><\/div><div class=\"flex_column av_one_fourth  flex_column_div av-zero-column-padding   \" style='border-radius:0px; '><div class='avia-image-container  av-styling-   avia-align-center '  itemscope=\"itemscope\" itemtype=\"https:\/\/schema.org\/ImageObject\"  ><div class='avia-image-container-inner'><img class='avia_image ' src='https:\/\/genevieveetdidier.fr\/wp-content\/uploads\/2018\/04\/F20.jpg' alt='' title='L\u2019\u00e9glise de Combray'   itemprop=\"thumbnailUrl\"  \/><\/div><\/div><\/div><div class=\"flex_column av_one_half  flex_column_div av-zero-column-padding first  \" style='border-radius:0px; '><div class='avia-image-container  av-styling-   avia-align-center '  itemscope=\"itemscope\" itemtype=\"https:\/\/schema.org\/ImageObject\"  ><div class='avia-image-container-inner'><img class='avia_image ' src='https:\/\/genevieveetdidier.fr\/wp-content\/uploads\/2018\/04\/F22-500x373.jpg' alt='' title='Le Perche'   itemprop=\"thumbnailUrl\"  \/><\/div><\/div><\/div><div class=\"flex_column av_one_half  flex_column_div av-zero-column-padding   \" style='border-radius:0px; '><div class='avia-image-container  av-styling-   avia-align-center '  itemscope=\"itemscope\" itemtype=\"https:\/\/schema.org\/ImageObject\"  ><div class='avia-image-container-inner'><img class='avia_image ' src='https:\/\/genevieveetdidier.fr\/wp-content\/uploads\/2018\/04\/F21-500x375.jpg' alt='' title='Le Perche'   itemprop=\"thumbnailUrl\"  \/><\/div><\/div><\/div><section class=\"av_textblock_section\"  itemscope=\"itemscope\" itemtype=\"https:\/\/schema.org\/CreativeWork\" ><div class='avia_textblock '   itemprop=\"text\" ><p style=\"text-align: center;\"><em>Nous avons travers\u00e9 le Parc du Perche o\u00f9 il y a de belles demeures, mais pas pour nous<\/em><\/p>\n<\/div><\/section>\n\n<div class=\"flex_column av_two_third  flex_column_div av-zero-column-padding first  \" style='border-radius:0px; '><section class=\"av_textblock_section\"  itemscope=\"itemscope\" itemtype=\"https:\/\/schema.org\/CreativeWork\" ><div class='avia_textblock '   itemprop=\"text\" ><h3>\u00a0BRUNELLES \u2013 ALENCON 82 kms<\/h3>\n<p>2 degr\u00e9s au r\u00e9veil, c\u2019est dire que la nuit a \u00e9t\u00e9 fra\u00eeche et les premiers kilom\u00e8tres nous donnent la piquette\u00a0! Mais ils sont agr\u00e9ables\u00a0: des prairies, des haies, des prairies, un champ, des p\u00e2turages avec de belles b\u00eates (mais toujours pas de percherons\u00a0!), la campagne est belle et le parcours est facilit\u00e9 par une belle piste qui, pour l\u2019essentiel, suit une ancienne voie de chemin de fer. Que du plaisir, sans efforts.<\/p>\n<p>Comme nous avons eu bien froid la nuit derni\u00e8re, nous optons pour un h\u00f4tel \u00e0 ALEN\u00c7ON. C\u2019est un h\u00f4tel simple, pr\u00e8s de la gare, mais c\u2019est bien. Le g\u00e9rant nous conseille un resto qui s\u2019av\u00e8re \u00eatre<strong> une v\u00e9ritable perle\u00a0: <em>l\u2019\u00c9picure<\/em><\/strong>. La chef, Pauline Thomas, a 24 ans et a ouvert ce resto le 8 juillet et il est d\u00e9j\u00e0 complet tous les jours. Cette jeune fille ira loin car sa cuisine est on ne peut plus soign\u00e9e et fine.<\/p>\n<\/div><\/section><\/div>\n<div class=\"flex_column av_one_third  flex_column_div av-zero-column-padding   \" style='border-radius:0px; '><div class='avia-image-container  av-styling-   avia-align-center '  itemscope=\"itemscope\" itemtype=\"https:\/\/schema.org\/ImageObject\"  ><div class='avia-image-container-inner'><img class='avia_image ' src='https:\/\/genevieveetdidier.fr\/wp-content\/uploads\/2018\/04\/F23-374x500.jpg' alt='' title='L\u2019\u00e9glise sainte Marie d\u2019Alen\u00e7on'   itemprop=\"thumbnailUrl\"  \/><\/div><\/div><\/div>\n<\/div><\/div><\/div><!-- close content main div --><\/div><\/div><div id='av_section_4' class='avia-section main_color avia-section-default avia-no-shadow avia-bg-style-scroll  container_wrap fullsize' style = 'background-color: #dbdbdb; '  ><div class='container' ><div class='template-page content  av-content-full alpha units'><div class='post-entry post-entry-type-page post-entry-1645'><div class='entry-content-wrapper clearfix'>\n<div class=\"flex_column av_one_half  flex_column_div av-zero-column-padding first  \" style='border-radius:0px; '><section class=\"av_textblock_section\"  itemscope=\"itemscope\" itemtype=\"https:\/\/schema.org\/CreativeWork\" ><div class='avia_textblock '   itemprop=\"text\" ><h3>\u00a0ALENCON \u2013 DOMFRONT 76 kms<\/h3>\n<p>Le d\u00e9partement de l\u2019Orne est tr\u00e8s agr\u00e9able \u00e0 parcourir \u00e0 v\u00e9lo, surtout quand il fait beau, et c\u2019est le cas. C\u2019est un d\u00e9partement vert, vallonn\u00e9, calme, c\u2019est reposant.<\/p>\n<p>Nous sommes pass\u00e9s par CARROUGES pour admirer son beau ch\u00e2teau, puis par BAGNOLES DE L\u2019ORNE, mais sans profiter des thermes et du casino.<\/p>\n<p>Apr\u00e8s avoir travers\u00e9 la belle for\u00eat des <em>Andaines<\/em> nous nous arr\u00eatons \u00e0 DOMFRONT, dans un h\u00f4tel un peu trop loin du centre pour que nous ayons le courage d\u2019aller visiter la vieille ville\u00a0; nous avons besoin de souffler.<\/p>\n<\/div><\/section><\/div><div class=\"flex_column av_one_half  flex_column_div av-zero-column-padding   \" style='border-radius:0px; '><div class='avia-image-container  av-styling-   avia-align-center '  itemscope=\"itemscope\" itemtype=\"https:\/\/schema.org\/ImageObject\"  ><div class='avia-image-container-inner'><img class='avia_image ' src='https:\/\/genevieveetdidier.fr\/wp-content\/uploads\/2018\/04\/F26.jpg' alt='' title='Bagnoles de l&#039;Orne'   itemprop=\"thumbnailUrl\"  \/><\/div><\/div><\/div><div class=\"flex_column av_one_half  flex_column_div av-zero-column-padding first  \" style='border-radius:0px; '><div class='avia-image-container  av-styling-   avia-align-center '  itemscope=\"itemscope\" itemtype=\"https:\/\/schema.org\/ImageObject\"  ><div class='avia-image-container-inner'><img class='avia_image ' src='https:\/\/genevieveetdidier.fr\/wp-content\/uploads\/2018\/04\/F24-500x375.jpg' alt='' title='Le ch\u00e2teau de Carrouges'   itemprop=\"thumbnailUrl\"  \/><\/div><\/div><\/div><div class=\"flex_column av_one_half  flex_column_div av-zero-column-padding   \" style='border-radius:0px; '><div class='avia-image-container  av-styling-   avia-align-center '  itemscope=\"itemscope\" itemtype=\"https:\/\/schema.org\/ImageObject\"  ><div class='avia-image-container-inner'><img class='avia_image ' src='https:\/\/genevieveetdidier.fr\/wp-content\/uploads\/2018\/04\/F25-369x500.jpg' alt='' title='Le ch\u00e2telet d\u2019entr\u00e9e  de Carrouges'   itemprop=\"thumbnailUrl\"  \/><\/div><\/div><\/div>\n\n","protected":false},"excerpt":{"rendered":"","protected":false},"author":1,"featured_media":0,"parent":582,"menu_order":3,"comment_status":"closed","ping_status":"closed","template":"","meta":{"_monsterinsights_skip_tracking":false,"_monsterinsights_sitenote_active":false,"_monsterinsights_sitenote_note":"","_monsterinsights_sitenote_category":0,"footnotes":""},"class_list":["post-1645","page","type-page","status-publish","hentry"],"_links":{"self":[{"href":"https:\/\/genevieveetdidier.fr\/index.php?rest_route=\/wp\/v2\/pages\/1645","targetHints":{"allow":["GET"]}}],"collection":[{"href":"https:\/\/genevieveetdidier.fr\/index.php?rest_route=\/wp\/v2\/pages"}],"about":[{"href":"https:\/\/genevieveetdidier.fr\/index.php?rest_route=\/wp\/v2\/types\/page"}],"author":[{"embeddable":true,"href":"https:\/\/genevieveetdidier.fr\/index.php?rest_route=\/wp\/v2\/users\/1"}],"replies":[{"embeddable":true,"href":"https:\/\/genevieveetdidier.fr\/index.php?rest_route=%2Fwp%2Fv2%2Fcomments&post=1645"}],"version-history":[{"count":7,"href":"https:\/\/genevieveetdidier.fr\/index.php?rest_route=\/wp\/v2\/pages\/1645\/revisions"}],"predecessor-version":[{"id":5274,"href":"https:\/\/genevieveetdidier.fr\/index.php?rest_route=\/wp\/v2\/pages\/1645\/revisions\/5274"}],"up":[{"embeddable":true,"href":"https:\/\/genevieveetdidier.fr\/index.php?rest_route=\/wp\/v2\/pages\/582"}],"wp:attachment":[{"href":"https:\/\/genevieveetdidier.fr\/index.php?rest_route=%2Fwp%2Fv2%2Fmedia&parent=1645"}],"curies":[{"name":"wp","href":"https:\/\/api.w.org\/{rel}","templated":true}]}}